Last updated on 2025-05-03 03:51:52 CEST.
Flavor | Version | Tinstall | Tcheck | Ttotal | Status | Flags |
---|---|---|---|---|---|---|
r-devel-linux-x86_64-debian-clang | 1.4.3 | 16.88 | 125.36 | 142.24 | NOTE | |
r-devel-linux-x86_64-debian-gcc | 1.4.3 | 9.32 | 87.15 | 96.47 | NOTE | |
r-devel-linux-x86_64-fedora-clang | 1.4.3 | 227.63 | OK | |||
r-devel-linux-x86_64-fedora-gcc | 1.4.3 | 210.69 | OK | |||
r-devel-windows-x86_64 | 1.4.3 | 18.00 | 254.00 | 272.00 | NOTE | |
r-patched-linux-x86_64 | 1.4.3 | 18.55 | 122.80 | 141.35 | NOTE | |
r-release-linux-x86_64 | NOTE | |||||
r-release-macos-arm64 | 1.4.3 | 74.00 | OK | |||
r-release-macos-x86_64 | 1.4.3 | 127.00 | OK | |||
r-release-windows-x86_64 | 1.4.3 | 17.00 | 173.00 | 190.00 | NOTE | |
r-oldrel-macos-arm64 | 1.4.3 | 60.00 | OK | |||
r-oldrel-macos-x86_64 | 1.4.3 | 102.00 | OK | |||
r-oldrel-windows-x86_64 | 1.4.3 | 26.00 | 200.00 | 226.00 | OK |
Version: 1.4.3
Check: Rd cross-references
Result: NOTE
Found the following Rd file(s) with Rd \link{} targets missing package
anchors:
bilat.Rd: intersect.owin
Please provide package anchors for all Rd \link{} targets not in the
package itself and the base packages.
Flavors: r-devel-linux-x86_64-debian-clang, r-devel-linux-x86_64-debian-gcc, r-devel-windows-x86_64, r-patched-linux-x86_64, r-release-linux-x86_64, r-release-windows-x86_64