Last updated on 2025-05-02 03:51:03 CEST.
Flavor | Version | Tinstall | Tcheck | Ttotal | Status | Flags |
---|---|---|---|---|---|---|
r-devel-linux-x86_64-debian-clang | 2.3.1 | 40.80 | 83.31 | 124.11 | NOTE | |
r-devel-linux-x86_64-debian-gcc | 2.3.1 | 29.14 | 57.60 | 86.74 | NOTE | |
r-devel-linux-x86_64-fedora-clang | 2.3.1 | 230.58 | NOTE | |||
r-devel-linux-x86_64-fedora-gcc | 2.3.1 | 227.13 | NOTE | |||
r-devel-windows-x86_64 | 2.3.1 | 53.00 | 127.00 | 180.00 | NOTE | |
r-patched-linux-x86_64 | 2.3.1 | 39.44 | 78.82 | 118.26 | NOTE | |
r-release-linux-x86_64 | NOTE | |||||
r-release-macos-arm64 | 2.3.1 | 86.00 | NOTE | |||
r-release-macos-x86_64 | 2.3.1 | 115.00 | NOTE | |||
r-release-windows-x86_64 | 2.3.1 | 56.00 | 132.00 | 188.00 | NOTE | |
r-oldrel-macos-arm64 | 2.3.1 | 58.00 | NOTE | |||
r-oldrel-macos-x86_64 | 2.3.1 | 83.00 | NOTE | |||
r-oldrel-windows-x86_64 | 2.3.1 | 62.00 | 154.00 | 216.00 | NOTE |
Version: 2.3.1
Check: CRAN incoming feasibility
Result: NOTE
Maintainer: ‘Joan Garriga <jgarriga@ceab.csic.es>’
The Description field contains
F. (2018), <arXiv:1812.09869>).
Please refer to arXiv e-prints via their arXiv DOI <doi:10.48550/arXiv.YYMM.NNNNN>.
Flavors: r-devel-linux-x86_64-debian-clang, r-devel-linux-x86_64-debian-gcc
Version: 2.3.1
Check: C++ specification
Result: NOTE
Specified C++14: please drop specification unless essential
Flavors: r-devel-linux-x86_64-debian-clang, r-devel-linux-x86_64-debian-gcc, r-devel-linux-x86_64-fedora-clang, r-devel-linux-x86_64-fedora-gcc, r-devel-windows-x86_64, r-patched-linux-x86_64, r-release-linux-x86_64, r-release-macos-arm64, r-release-macos-x86_64, r-release-windows-x86_64, r-oldrel-macos-arm64, r-oldrel-macos-x86_64, r-oldrel-windows-x86_64
Version: 2.3.1
Check: Rd files
Result: NOTE
checkRd: (-1) bdm.ptsne.Rd:47: Lost braces; missing escapes or markup?
47 | By default the algorithm is structured in \eqn{\sqrt{n}} epochs of \eqn{\sqrt{z}} iterations each, where \var{n} is the dataset size and \var{z} is the thread-size (\eqn{z=n*layers/threads}). The running time of the algorithm is then determined by \eqn{epochs*iters*t_i+ epochs*t_e} where \var{t_{i}} is the running time of a single iteration and \var{t_{e}} is the inter-epoch running time.
| ^
checkRd: (-1) bdm.ptsne.Rd:47: Lost braces; missing escapes or markup?
47 | By default the algorithm is structured in \eqn{\sqrt{n}} epochs of \eqn{\sqrt{z}} iterations each, where \var{n} is the dataset size and \var{z} is the thread-size (\eqn{z=n*layers/threads}). The running time of the algorithm is then determined by \eqn{epochs*iters*t_i+ epochs*t_e} where \var{t_{i}} is the running time of a single iteration and \var{t_{e}} is the inter-epoch running time.
| ^
Flavors: r-devel-linux-x86_64-debian-clang, r-devel-linux-x86_64-debian-gcc, r-devel-linux-x86_64-fedora-clang, r-devel-linux-x86_64-fedora-gcc, r-devel-windows-x86_64, r-patched-linux-x86_64, r-release-linux-x86_64, r-release-macos-arm64, r-release-macos-x86_64, r-release-windows-x86_64, r-oldrel-macos-arm64, r-oldrel-macos-x86_64, r-oldrel-windows-x86_64
Version: 2.3.1
Check: installed package size
Result: NOTE
installed size is 6.2Mb
sub-directories of 1Mb or more:
doc 1.8Mb
extdata 1.9Mb
libs 2.3Mb
Flavors: r-oldrel-macos-arm64, r-oldrel-macos-x86_64
Version: 2.3.1
Check: for GNU extensions in Makefiles
Result: NOTE
GNU make is a SystemRequirements.
Flavors: r-oldrel-macos-arm64, r-oldrel-macos-x86_64, r-oldrel-windows-x86_64