Last updated on 2025-07-19 03:48:25 CEST.
Flavor | Version | Tinstall | Tcheck | Ttotal | Status | Flags |
---|---|---|---|---|---|---|
r-devel-linux-x86_64-debian-clang | 0.0.10 | 7.22 | 53.55 | 60.77 | NOTE | |
r-devel-linux-x86_64-debian-gcc | 0.0.10 | 5.31 | 40.85 | 46.16 | NOTE | |
r-devel-linux-x86_64-fedora-clang | 0.0.10 | 94.21 | OK | |||
r-devel-linux-x86_64-fedora-gcc | 0.0.10 | 88.14 | OK | |||
r-devel-windows-x86_64 | 0.0.10 | 9.00 | 73.00 | 82.00 | NOTE | |
r-patched-linux-x86_64 | 0.0.10 | 6.52 | 50.11 | 56.63 | NOTE | |
r-release-linux-x86_64 | 0.0.10 | 7.04 | 50.21 | 57.25 | NOTE | |
r-release-macos-arm64 | 0.0.10 | 39.00 | OK | |||
r-release-macos-x86_64 | 0.0.10 | 58.00 | OK | |||
r-release-windows-x86_64 | 0.0.10 | 9.00 | 70.00 | 79.00 | NOTE | |
r-oldrel-macos-arm64 | 0.0.10 | 37.00 | OK | |||
r-oldrel-macos-x86_64 | 0.0.10 | 95.00 | OK | |||
r-oldrel-windows-x86_64 | 0.0.10 | 11.00 | 87.00 | 98.00 | OK |
Version: 0.0.10
Check: Rd cross-references
Result: NOTE
Found the following Rd file(s) with Rd \link{} targets missing package
anchors:
detect_keys.Rd: read_rmd
doi2bib.Rd: cr_cn
reflist.Rd: write_rmd, render_rmd
Please provide package anchors for all Rd \link{} targets not in the
package itself and the base packages.
Flavors: r-devel-linux-x86_64-debian-clang, r-devel-linux-x86_64-debian-gcc, r-devel-windows-x86_64, r-patched-linux-x86_64, r-release-linux-x86_64, r-release-windows-x86_64