Last updated on 2025-11-21 03:51:34 CET.
| Flavor | Version | Tinstall | Tcheck | Ttotal | Status | Flags |
|---|---|---|---|---|---|---|
| r-devel-linux-x86_64-debian-clang | 0.9.5 | 4.43 | 68.82 | 73.25 | NOTE | |
| r-devel-linux-x86_64-debian-gcc | 0.9.5 | 2.72 | 49.02 | 51.74 | NOTE | |
| r-devel-linux-x86_64-fedora-clang | 0.9.5 | 114.98 | OK | |||
| r-devel-linux-x86_64-fedora-gcc | 0.9.5 | 123.26 | OK | |||
| r-devel-windows-x86_64 | 0.9.5 | 6.00 | 86.00 | 92.00 | OK | |
| r-patched-linux-x86_64 | 0.9.5 | 4.32 | 65.19 | 69.51 | OK | |
| r-release-linux-x86_64 | 0.9.5 | 4.45 | 65.75 | 70.20 | OK | |
| r-release-macos-arm64 | 0.9.5 | OK | ||||
| r-release-macos-x86_64 | 0.9.5 | 4.00 | 101.00 | 105.00 | OK | |
| r-release-windows-x86_64 | 0.9.5 | 5.00 | 86.00 | 91.00 | OK | |
| r-oldrel-macos-arm64 | 0.9.5 | OK | ||||
| r-oldrel-macos-x86_64 | 0.9.5 | 3.00 | 69.00 | 72.00 | OK | |
| r-oldrel-windows-x86_64 | 0.9.5 | 9.00 | 109.00 | 118.00 | OK |
Version: 0.9.5
Check: CRAN incoming feasibility
Result: NOTE
Maintainer: ‘Stephan Wojciekowski <stephan.wojciekowski@boehringer-ingelheim.com>’
Package CITATION file contains call(s) to old-style citEntry(). Please
use bibentry() instead.
Flavors: r-devel-linux-x86_64-debian-clang, r-devel-linux-x86_64-debian-gcc