Last updated on 2025-05-04 03:50:48 CEST.
Flavor | Version | Tinstall | Tcheck | Ttotal | Status | Flags |
---|---|---|---|---|---|---|
r-devel-linux-x86_64-debian-clang | 0.2 | 1.46 | 17.78 | 19.24 | NOTE | |
r-devel-linux-x86_64-debian-gcc | 0.2 | 1.34 | 14.85 | 16.19 | NOTE | |
r-devel-linux-x86_64-fedora-clang | 0.2 | 30.66 | NOTE | |||
r-devel-linux-x86_64-fedora-gcc | 0.2 | 28.91 | NOTE | |||
r-devel-windows-x86_64 | 0.2 | 2.00 | 36.00 | 38.00 | NOTE | |
r-patched-linux-x86_64 | 0.2 | 1.74 | 17.85 | 19.59 | NOTE | |
r-release-linux-x86_64 | NOTE | |||||
r-release-macos-arm64 | 0.2 | 15.00 | NOTE | |||
r-release-macos-x86_64 | 0.2 | 30.00 | NOTE | |||
r-release-windows-x86_64 | 0.2 | 2.00 | 38.00 | 40.00 | NOTE | |
r-oldrel-macos-arm64 | 0.2 | 19.00 | NOTE | |||
r-oldrel-macos-x86_64 | 0.2 | 19.00 | NOTE | |||
r-oldrel-windows-x86_64 | 0.2 | 2.00 | 36.00 | 38.00 | NOTE |
Version: 0.2
Check: CRAN incoming feasibility
Result: NOTE
Maintainer: ‘Michele De Meo <micheledemeo@gmail.com>’
No Authors@R field in DESCRIPTION.
Please add one, modifying
Authors@R: person(given = "Michele",
family = "De Meo",
role = c("aut", "cre"),
email = "micheledemeo@gmail.com")
as necessary.
Flavors: r-devel-linux-x86_64-debian-clang, r-devel-linux-x86_64-debian-gcc
Version: 0.2
Check: DESCRIPTION meta-information
Result: NOTE
Malformed Title field: should not end in a period.
Flavors: r-devel-linux-x86_64-debian-clang, r-devel-linux-x86_64-debian-gcc, r-devel-linux-x86_64-fedora-clang, r-devel-linux-x86_64-fedora-gcc, r-devel-windows-x86_64, r-patched-linux-x86_64, r-release-linux-x86_64, r-release-macos-arm64, r-release-macos-x86_64, r-release-windows-x86_64, r-oldrel-macos-arm64, r-oldrel-macos-x86_64, r-oldrel-windows-x86_64