Last updated on 2025-05-03 03:51:52 CEST.
Flavor | Version | Tinstall | Tcheck | Ttotal | Status | Flags |
---|---|---|---|---|---|---|
r-devel-linux-x86_64-debian-clang | 0.1.0 | 1.31 | 16.45 | 17.76 | NOTE | |
r-devel-linux-x86_64-debian-gcc | 0.1.0 | 1.33 | 13.34 | 14.67 | NOTE | |
r-devel-linux-x86_64-fedora-clang | 0.1.0 | 29.18 | OK | |||
r-devel-linux-x86_64-fedora-gcc | 0.1.0 | 27.63 | OK | |||
r-devel-windows-x86_64 | 0.1.0 | 2.00 | 33.00 | 35.00 | OK | |
r-patched-linux-x86_64 | 0.1.0 | 1.53 | 15.91 | 17.44 | OK | |
r-release-linux-x86_64 | OK | |||||
r-release-macos-arm64 | 0.1.0 | 15.00 | OK | |||
r-release-macos-x86_64 | 0.1.0 | 28.00 | OK | |||
r-release-windows-x86_64 | 0.1.0 | 2.00 | 35.00 | 37.00 | OK | |
r-oldrel-macos-arm64 | 0.1.0 | 18.00 | NOTE | |||
r-oldrel-macos-x86_64 | 0.1.0 | 23.00 | NOTE | |||
r-oldrel-windows-x86_64 | 0.1.0 | 2.00 | 33.00 | 35.00 | NOTE |
Version: 0.1.0
Check: CRAN incoming feasibility
Result: NOTE
Maintainer: ‘Telmo M Silva Filho <tmfilho@gmail.com>’
No Authors@R field in DESCRIPTION.
Please add one, modifying
Authors@R: c(person(given = c("Telmo", "M", "Silva"),
family = "Filho",
role = c("aut", "cre"),
email = "tmfilho@gmail.com"),
person(given = "Meelis",
family = "Kull",
role = "aut"))
as necessary.
Flavors: r-devel-linux-x86_64-debian-clang, r-devel-linux-x86_64-debian-gcc
Version: 0.1.0
Check: LazyData
Result: NOTE
'LazyData' is specified without a 'data' directory
Flavors: r-oldrel-macos-arm64, r-oldrel-macos-x86_64, r-oldrel-windows-x86_64