Last updated on 2025-11-24 03:50:28 CET.
| Flavor | Version | Tinstall | Tcheck | Ttotal | Status | Flags |
|---|---|---|---|---|---|---|
| r-devel-linux-x86_64-debian-clang | 0.2.0 | 4.45 | 57.64 | 62.09 | NOTE | |
| r-devel-linux-x86_64-debian-gcc | 0.2.0 | 3.32 | 42.65 | 45.97 | NOTE | |
| r-devel-linux-x86_64-fedora-clang | 0.2.0 | 11.00 | 83.72 | 94.72 | NOTE | |
| r-devel-windows-x86_64 | 0.2.0 | 8.00 | 75.00 | 83.00 | NOTE | |
| r-patched-linux-x86_64 | 0.2.0 | 4.28 | 52.56 | 56.84 | NOTE | |
| r-release-linux-x86_64 | 0.2.0 | 3.79 | 53.52 | 57.31 | NOTE | |
| r-release-macos-arm64 | 0.2.0 | NOTE | ||||
| r-release-macos-x86_64 | 0.2.0 | 4.00 | 69.00 | 73.00 | NOTE | |
| r-release-windows-x86_64 | 0.2.0 | 7.00 | 74.00 | 81.00 | NOTE | |
| r-oldrel-macos-arm64 | 0.2.0 | OK | ||||
| r-oldrel-macos-x86_64 | 0.2.0 | 3.00 | 218.00 | 221.00 | OK | |
| r-oldrel-windows-x86_64 | 0.2.0 | 8.00 | 87.00 | 95.00 | OK |
Version: 0.2.0
Check: DESCRIPTION meta-information
Result: NOTE
Missing dependency on R >= 4.1.0 because package code uses the pipe
|> or function shorthand \(...) syntax added in R 4.1.0.
File(s) using such syntax:
‘apply_contrast.R’ ‘apply_contrast.Rd’ ‘average_predictions.Rd’
‘estimate_varcov.R’ ‘estimate_varcov.Rd’ ‘get_marginal_effect.R’
‘get_marginal_effect.Rd’ ‘predict_counterfactuals.R’
Flavors: r-devel-linux-x86_64-debian-clang, r-devel-linux-x86_64-debian-gcc, r-devel-linux-x86_64-fedora-clang, r-devel-windows-x86_64, r-patched-linux-x86_64, r-release-linux-x86_64, r-release-macos-arm64, r-release-macos-x86_64, r-release-windows-x86_64