Last updated on 2025-05-02 03:51:03 CEST.
Flavor | Version | Tinstall | Tcheck | Ttotal | Status | Flags |
---|---|---|---|---|---|---|
r-devel-linux-x86_64-debian-clang | 1.1.0 | 7.60 | 128.80 | 136.40 | NOTE | |
r-devel-linux-x86_64-debian-gcc | 1.1.0 | 5.36 | 80.66 | 86.02 | OK | |
r-devel-linux-x86_64-fedora-clang | 1.1.0 | 206.67 | OK | |||
r-devel-linux-x86_64-fedora-gcc | 1.1.0 | 204.70 | OK | |||
r-devel-windows-x86_64 | 1.1.0 | 8.00 | 115.00 | 123.00 | OK | |
r-patched-linux-x86_64 | 1.1.0 | 6.32 | 118.03 | 124.35 | OK | |
r-release-linux-x86_64 | OK | |||||
r-release-macos-arm64 | 1.1.0 | 70.00 | OK | |||
r-release-macos-x86_64 | 1.1.0 | 112.00 | OK | |||
r-release-windows-x86_64 | 1.1.0 | 11.00 | 122.00 | 133.00 | OK | |
r-oldrel-macos-arm64 | 1.1.0 | 67.00 | OK | |||
r-oldrel-macos-x86_64 | 1.1.0 | 115.00 | OK | |||
r-oldrel-windows-x86_64 | 1.1.0 | 11.00 | 162.00 | 173.00 | OK |
Version: 1.1.0
Check: examples
Result: NOTE
Examples with CPU (user + system) or elapsed time > 5s
user system elapsed
bbn.sensitivity 5.073 0.013 5.826
bbn.predict 5.008 0.016 5.332
bbn.timeseries 3.738 0.157 5.211
Flavor: r-devel-linux-x86_64-debian-clang