CRAN Package Check Results for Package bayesmeta

Last updated on 2025-05-06 03:50:57 CEST.

Flavor Version Tinstall Tcheck Ttotal Status Flags
r-devel-linux-x86_64-debian-clang 3.4 16.19 135.89 152.08 NOTE
r-devel-linux-x86_64-debian-gcc 3.4 10.65 92.02 102.67 NOTE
r-devel-linux-x86_64-fedora-clang 3.4 243.06 OK
r-devel-linux-x86_64-fedora-gcc 3.4 247.55 OK
r-devel-windows-x86_64 3.4 17.00 147.00 164.00 NOTE
r-patched-linux-x86_64 3.4 14.41 130.38 144.79 NOTE
r-release-linux-x86_64 3.4 12.87 129.26 142.13 NOTE
r-release-macos-arm64 3.4 77.00 OK
r-release-macos-x86_64 3.4 157.00 OK
r-release-windows-x86_64 3.4 16.00 145.00 161.00 NOTE
r-oldrel-macos-arm64 3.4 65.00 OK
r-oldrel-macos-x86_64 3.4 105.00 OK
r-oldrel-windows-x86_64 3.4 22.00 181.00 203.00 OK

Check Details

Version: 3.4
Check: Rd cross-references
Result: NOTE Found the following Rd file(s) with Rd \link{} targets missing package anchors: convolve.Rd: funnel Please provide package anchors for all Rd \link{} targets not in the package itself and the base packages. Flavors: r-devel-linux-x86_64-debian-clang, r-devel-linux-x86_64-debian-gcc, r-devel-windows-x86_64, r-patched-linux-x86_64, r-release-linux-x86_64, r-release-windows-x86_64