Last updated on 2025-05-17 03:49:01 CEST.
Flavor | Version | Tinstall | Tcheck | Ttotal | Status | Flags |
---|---|---|---|---|---|---|
r-devel-linux-x86_64-debian-clang | 1.0.0 | 3.30 | 734.63 | 737.93 | NOTE | |
r-devel-linux-x86_64-debian-gcc | 1.0.0 | 3.26 | 470.63 | 473.89 | NOTE | |
r-devel-linux-x86_64-fedora-clang | 1.0.0 | 1211.73 | OK | |||
r-devel-linux-x86_64-fedora-gcc | 1.0.0 | 1098.78 | OK | |||
r-devel-windows-x86_64 | 1.0.0 | 6.00 | 843.00 | 849.00 | OK | |
r-patched-linux-x86_64 | 1.0.0 | 4.56 | 703.76 | 708.32 | OK | |
r-release-linux-x86_64 | 1.0.0 | 3.94 | 706.84 | 710.78 | OK | |
r-release-macos-arm64 | 1.0.0 | 314.00 | OK | |||
r-release-macos-x86_64 | 1.0.0 | 784.00 | OK | |||
r-release-windows-x86_64 | 1.0.0 | 7.00 | 860.00 | 867.00 | OK | |
r-oldrel-macos-arm64 | 1.0.0 | 263.00 | OK | |||
r-oldrel-macos-x86_64 | 1.0.0 | 480.00 | OK | |||
r-oldrel-windows-x86_64 | 1.0.0 | 8.00 | 983.00 | 991.00 | OK |
Version: 1.0.0
Check: DESCRIPTION meta-information
Result: NOTE
Author field differs from that derived from Authors@R
Author: ‘Lukas Baumann [aut, cre] (<https://orcid.org/0000-0001-7931-7470>), Lukas Sauer [ctb] (0000-0002-1340-9994)’
Authors@R: ‘Lukas Baumann [aut, cre] (ORCID: <https://orcid.org/0000-0001-7931-7470>), Lukas Sauer [ctb] (ORIC: 0000-0002-1340-9994)’
Flavors: r-devel-linux-x86_64-debian-clang, r-devel-linux-x86_64-debian-gcc