Last updated on 2025-05-02 03:51:02 CEST.
Flavor | Version | Tinstall | Tcheck | Ttotal | Status | Flags |
---|---|---|---|---|---|---|
r-devel-linux-x86_64-debian-clang | 0.9.0 | 166.89 | 505.44 | 672.33 | NOTE | |
r-devel-linux-x86_64-debian-gcc | 0.9.0 | 146.80 | 342.40 | 489.20 | OK | |
r-devel-linux-x86_64-fedora-clang | 0.9.0 | 1114.94 | OK | |||
r-devel-linux-x86_64-fedora-gcc | 0.9.0 | 1201.15 | OK | |||
r-devel-windows-x86_64 | 0.9.0 | 182.00 | 531.00 | 713.00 | OK | |
r-patched-linux-x86_64 | 0.9.0 | 212.86 | 488.09 | 700.95 | OK | |
r-release-linux-x86_64 | OK | |||||
r-release-macos-arm64 | 0.9.0 | 308.00 | OK | |||
r-release-macos-x86_64 | 0.9.0 | 1038.00 | OK | |||
r-release-windows-x86_64 | 0.9.0 | 192.00 | 524.00 | 716.00 | OK | |
r-oldrel-macos-arm64 | 0.9.0 | 306.00 | NOTE | |||
r-oldrel-macos-x86_64 | 0.9.0 | 396.00 | NOTE | |||
r-oldrel-windows-x86_64 | 0.9.0 | 208.00 | 731.00 | 939.00 | NOTE |
Version: 0.9.0
Check: examples
Result: NOTE
Examples with CPU (user + system) or elapsed time > 5s
user system elapsed
augment.bage_mod 8.501 0.271 11.982
report_sim 3.158 0.001 5.059
Flavor: r-devel-linux-x86_64-debian-clang
Version: 0.9.0
Check: installed package size
Result: NOTE
installed size is 90.1Mb
sub-directories of 1Mb or more:
doc 4.9Mb
libs 83.7Mb
Flavors: r-oldrel-macos-arm64, r-oldrel-macos-x86_64, r-oldrel-windows-x86_64