Last updated on 2025-11-21 03:51:33 CET.
| Flavor | Version | Tinstall | Tcheck | Ttotal | Status | Flags |
|---|---|---|---|---|---|---|
| r-devel-linux-x86_64-debian-clang | 0.10.1 | 247.48 | 353.54 | 601.02 | OK | |
| r-devel-linux-x86_64-debian-gcc | 0.10.2 | 223.29 | 239.83 | 463.12 | OK | |
| r-devel-linux-x86_64-fedora-clang | 0.10.2 | 416.00 | 276.69 | 692.69 | OK | |
| r-devel-linux-x86_64-fedora-gcc | 0.10.2 | 593.00 | 470.73 | 1063.73 | OK | |
| r-devel-windows-x86_64 | 0.9.8 | 254.00 | 610.00 | 864.00 | OK | |
| r-patched-linux-x86_64 | 0.10.1 | 265.72 | 341.56 | 607.28 | OK | |
| r-release-linux-x86_64 | 0.9.8 | 274.48 | 573.42 | 847.90 | OK | |
| r-release-macos-arm64 | 0.10.2 | 1.00 | 4.00 | 5.00 | ERROR | |
| r-release-macos-x86_64 | 0.10.2 | 271.00 | 359.00 | 630.00 | OK | |
| r-release-windows-x86_64 | 0.9.8 | 237.00 | 608.00 | 845.00 | OK | |
| r-oldrel-macos-arm64 | 0.10.2 | 1.00 | 9.00 | 10.00 | ERROR | |
| r-oldrel-macos-x86_64 | 0.10.2 | 277.00 | 352.00 | 629.00 | NOTE | |
| r-oldrel-windows-x86_64 | 0.9.8 | 292.00 | 791.00 | 1083.00 | NOTE |
Version: 0.10.2
Check: whether package can be installed
Result: ERROR
Installation failed.
Flavors: r-release-macos-arm64, r-oldrel-macos-arm64
Version: 0.10.2
Check: installed package size
Result: NOTE
installed size is 102.2Mb
sub-directories of 1Mb or more:
data 1.4Mb
doc 1.9Mb
libs 97.6Mb
Flavor: r-oldrel-macos-x86_64
Version: 0.9.8
Check: installed package size
Result: NOTE
installed size is 11.7Mb
sub-directories of 1Mb or more:
doc 5.6Mb
libs 4.3Mb
Flavor: r-oldrel-windows-x86_64