Last updated on 2025-11-24 03:50:28 CET.
| Flavor | Version | Tinstall | Tcheck | Ttotal | Status | Flags |
|---|---|---|---|---|---|---|
| r-devel-linux-x86_64-debian-clang | 1.0.0 | 2.35 | 27.20 | 29.55 | NOTE | |
| r-devel-linux-x86_64-debian-gcc | 1.0.0 | 1.63 | 20.95 | 22.58 | NOTE | |
| r-devel-linux-x86_64-fedora-clang | 1.0.0 | 45.34 | OK | |||
| r-devel-windows-x86_64 | 1.0.0 | 4.00 | 48.00 | 52.00 | OK | |
| r-patched-linux-x86_64 | 1.0.0 | 2.60 | 25.43 | 28.03 | OK | |
| r-release-linux-x86_64 | 1.0.0 | 2.54 | 25.41 | 27.95 | OK | |
| r-release-macos-arm64 | 1.0.0 | OK | ||||
| r-release-macos-x86_64 | 1.0.0 | 4.00 | 32.00 | 36.00 | OK | |
| r-release-windows-x86_64 | 1.0.0 | 6.00 | 58.00 | 64.00 | OK | |
| r-oldrel-macos-arm64 | 1.0.0 | NOTE | ||||
| r-oldrel-macos-x86_64 | 1.0.0 | 3.00 | 34.00 | 37.00 | NOTE | |
| r-oldrel-windows-x86_64 | 1.0.0 | 3.00 | 51.00 | 54.00 | NOTE |
Version: 1.0.0
Check: CRAN incoming feasibility
Result: NOTE
Maintainer: ‘J. Jack Lee <jjlee@mdanderson.org>’
No Authors@R field in DESCRIPTION.
Please add one, modifying
Authors@R: c(person(given = "Nan",
family = "Chen",
role = "aut"),
person(given = c("J.", "Jack"),
family = "Lee",
role = c("aut", "cre"),
email = "jjlee@mdanderson.org"))
as necessary.
Flavors: r-devel-linux-x86_64-debian-clang, r-devel-linux-x86_64-debian-gcc
Version: 1.0.0
Check: LazyData
Result: NOTE
'LazyData' is specified without a 'data' directory
Flavors: r-oldrel-macos-arm64, r-oldrel-macos-x86_64, r-oldrel-windows-x86_64