Last updated on 2025-11-16 03:49:48 CET.
| Flavor | Version | Tinstall | Tcheck | Ttotal | Status | Flags |
|---|---|---|---|---|---|---|
| r-devel-linux-x86_64-debian-clang | 1.2.0 | 8.73 | 80.87 | 89.60 | NOTE | |
| r-devel-linux-x86_64-debian-gcc | 1.2.0 | 5.98 | 57.84 | 63.82 | NOTE | |
| r-devel-linux-x86_64-fedora-clang | 1.2.0 | 40.00 | 100.71 | 140.71 | OK | |
| r-devel-linux-x86_64-fedora-gcc | 1.2.0 | 18.00 | 112.66 | 130.66 | OK | |
| r-devel-windows-x86_64 | 1.2.0 | 13.00 | 82.00 | 95.00 | OK | |
| r-patched-linux-x86_64 | 1.2.0 | 7.33 | 74.06 | 81.39 | OK | |
| r-release-linux-x86_64 | 1.2.0 | 9.51 | 73.49 | 83.00 | OK | |
| r-release-macos-arm64 | 1.2.0 | 4.00 | 36.00 | 40.00 | OK | |
| r-release-macos-x86_64 | 1.2.0 | 8.00 | 64.00 | 72.00 | OK | |
| r-release-windows-x86_64 | 1.2.0 | 11.00 | 81.00 | 92.00 | OK | |
| r-oldrel-macos-arm64 | 1.2.0 | 4.00 | 35.00 | 39.00 | OK | |
| r-oldrel-macos-x86_64 | 1.2.0 | 10.00 | 53.00 | 63.00 | OK | |
| r-oldrel-windows-x86_64 | 1.2.0 | 15.00 | 101.00 | 116.00 | OK |
Version: 1.2.0
Check: DESCRIPTION meta-information
Result: NOTE
Author field differs from that derived from Authors@R
Author: ‘Robrecht Cannoodt [aut, cre] (<https://orcid.org/0000-0003-3641-729X>, rcannood), Wouter Saelens [aut] (<https://orcid.org/0000-0002-7114-6248>, zouter), Joel Nitta [aut] (<https://orcid.org/0000-0003-4719-7472>, joelnitta)’
Authors@R: ‘Robrecht Cannoodt [aut, cre] (ORCID: <https://orcid.org/0000-0003-3641-729X>, github: rcannood), Wouter Saelens [aut] (ORCID: <https://orcid.org/0000-0002-7114-6248>, github: zouter), Joel Nitta [aut] (ORCID: <https://orcid.org/0000-0003-4719-7472>, github: joelnitta)’
Flavors: r-devel-linux-x86_64-debian-clang, r-devel-linux-x86_64-debian-gcc