CRAN Package Check Results for Package avilistr

Last updated on 2025-07-13 03:49:13 CEST.

Flavor Version Tinstall Tcheck Ttotal Status Flags
r-devel-linux-x86_64-debian-clang 0.0.1 19.50 36.96 56.46 OK
r-devel-linux-x86_64-debian-gcc 0.0.1 15.86 30.50 46.36 OK
r-devel-linux-x86_64-fedora-clang 0.0.1 86.01 OK
r-devel-linux-x86_64-fedora-gcc 0.0.1 97.95 OK
r-devel-windows-x86_64 0.0.1 20.00 53.00 73.00 OK
r-patched-linux-x86_64 0.0.1 20.52 34.00 54.52 OK
r-release-linux-x86_64 0.0.1 19.68 34.60 54.28 OK
r-release-macos-arm64 0.0.1 103.00 OK
r-release-macos-x86_64 0.0.1 160.00 OK
r-release-windows-x86_64 0.0.1 20.00 56.00 76.00 OK
r-oldrel-macos-arm64 0.0.1 91.00 NOTE
r-oldrel-macos-x86_64 0.0.1 77.00 NOTE
r-oldrel-windows-x86_64 0.0.1 19.00 63.00 82.00 OK

Check Details

Version: 0.0.1
Check: installed package size
Result: NOTE installed size is 5.6Mb sub-directories of 1Mb or more: data 4.1Mb help 1.0Mb Flavors: r-oldrel-macos-arm64, r-oldrel-macos-x86_64