Last updated on 2025-04-28 03:49:53 CEST.
Flavor | Version | Tinstall | Tcheck | Ttotal | Status | Flags |
---|---|---|---|---|---|---|
r-devel-linux-x86_64-debian-clang | 0.9.11 | 3.15 | 73.37 | 76.52 | OK | |
r-devel-linux-x86_64-debian-gcc | 0.9.11 | 2.02 | 52.96 | 54.98 | NOTE | |
r-devel-linux-x86_64-fedora-clang | 0.9.11 | 121.75 | NOTE | |||
r-devel-linux-x86_64-fedora-gcc | 0.9.11 | 121.23 | NOTE | |||
r-devel-windows-x86_64 | 0.9.11 | 5.00 | 91.00 | 96.00 | OK | |
r-patched-linux-x86_64 | 0.9.11 | 3.05 | 73.00 | 76.05 | OK | |
r-release-linux-x86_64 | 0.9.11 | 2.88 | 71.95 | 74.83 | OK | |
r-release-macos-arm64 | 0.9.11 | 43.00 | OK | |||
r-release-macos-x86_64 | 0.9.11 | 74.00 | OK | |||
r-release-windows-x86_64 | 0.9.11 | 5.00 | 88.00 | 93.00 | OK | |
r-oldrel-macos-arm64 | 0.9.11 | 41.00 | NOTE | |||
r-oldrel-macos-x86_64 | 0.9.11 | 90.00 | NOTE | |||
r-oldrel-windows-x86_64 | 0.9.11 | 6.00 | 111.00 | 117.00 | NOTE |
Version: 0.9.11
Check: CRAN incoming feasibility
Result: NOTE
Maintainer: ‘Vivien Roussez <vivien.roussez@gmail.com>’
No Authors@R field in DESCRIPTION.
Please add one, modifying
Authors@R: person(given = "Vivien",
family = "Roussez",
role = c("aut", "cre"),
email = "vivien.roussez@gmail.com")
as necessary.
Flavor: r-devel-linux-x86_64-debian-gcc
Version: 0.9.11
Check: examples
Result: NOTE
Examples with CPU (user + system) or elapsed time > 5s
user system elapsed
getBestModel 5.778 0.534 8.287
Flavor: r-devel-linux-x86_64-debian-gcc
Version: 0.9.11
Check: dependencies in R code
Result: NOTE
Namespaces in Imports field not imported from:
‘plotly’ ‘shinycssloaders’
All declared Imports should be used.
Flavors: r-devel-linux-x86_64-fedora-clang, r-devel-linux-x86_64-fedora-gcc
Version: 0.9.11
Check: LazyData
Result: NOTE
'LazyData' is specified without a 'data' directory
Flavors: r-oldrel-macos-arm64, r-oldrel-macos-x86_64, r-oldrel-windows-x86_64