Last updated on 2025-05-17 03:49:01 CEST.
Flavor | Version | Tinstall | Tcheck | Ttotal | Status | Flags |
---|---|---|---|---|---|---|
r-devel-linux-x86_64-debian-clang | 0.3.5 | 6.68 | 66.69 | 73.37 | OK | |
r-devel-linux-x86_64-debian-gcc | 0.3.5 | 5.22 | 46.67 | 51.89 | OK | |
r-devel-linux-x86_64-fedora-clang | 0.3.5 | 115.34 | OK | |||
r-devel-linux-x86_64-fedora-gcc | 0.3.5 | 122.82 | OK | |||
r-devel-windows-x86_64 | 0.3.5 | 11.00 | 76.00 | 87.00 | OK | |
r-patched-linux-x86_64 | 0.3.5 | 7.15 | 59.84 | 66.99 | OK | |
r-release-linux-x86_64 | 0.3.5 | 6.45 | 60.24 | 66.69 | OK | |
r-release-macos-arm64 | 0.3.5 | 50.00 | OK | |||
r-release-macos-x86_64 | 0.3.5 | 73.00 | OK | |||
r-release-windows-x86_64 | 0.3.5 | 8.00 | 75.00 | 83.00 | OK | |
r-oldrel-macos-arm64 | 0.3.5 | 40.00 | NOTE | |||
r-oldrel-macos-x86_64 | 0.3.5 | 70.00 | NOTE | |||
r-oldrel-windows-x86_64 | 0.3.5 | 11.00 | 90.00 | 101.00 | NOTE |
Version: 0.3.5
Check: LazyData
Result: NOTE
'LazyData' is specified without a 'data' directory
Flavors: r-oldrel-macos-arm64, r-oldrel-macos-x86_64, r-oldrel-windows-x86_64