Last updated on 2025-10-01 03:50:35 CEST.
Flavor | Version | Tinstall | Tcheck | Ttotal | Status | Flags |
---|---|---|---|---|---|---|
r-devel-linux-x86_64-debian-clang | 5.8-1 | 51.92 | 241.24 | 293.16 | OK | |
r-devel-linux-x86_64-debian-gcc | 5.8-1 | 34.46 | 153.51 | 187.97 | OK | |
r-devel-linux-x86_64-fedora-clang | 5.8-1 | 448.06 | OK | |||
r-devel-linux-x86_64-fedora-gcc | 5.8-1 | 461.76 | OK | |||
r-devel-windows-x86_64 | 5.8-1 | 70.00 | 316.00 | 386.00 | OK | |
r-patched-linux-x86_64 | 5.8-1 | 50.15 | 230.02 | 280.17 | OK | |
r-release-linux-x86_64 | 5.8-1 | 48.41 | 229.00 | 277.41 | OK | |
r-release-macos-arm64 | 5.8-1 | 126.00 | OK | |||
r-release-macos-x86_64 | 5.8-1 | 291.00 | OK | |||
r-release-windows-x86_64 | 5.8-1 | 68.00 | 320.00 | 388.00 | OK | |
r-oldrel-macos-arm64 | 5.8-1 | 108.00 | NOTE | |||
r-oldrel-macos-x86_64 | 5.8-1 | 251.00 | NOTE | |||
r-oldrel-windows-x86_64 | 5.8-1 | 85.00 | 381.00 | 466.00 | OK |
Version: 5.8-1
Check: installed package size
Result: NOTE
installed size is 5.7Mb
sub-directories of 1Mb or more:
R 2.0Mb
libs 1.7Mb
Flavors: r-oldrel-macos-arm64, r-oldrel-macos-x86_64