Last updated on 2025-05-06 03:50:56 CEST.
Flavor | Version | Tinstall | Tcheck | Ttotal | Status | Flags |
---|---|---|---|---|---|---|
r-devel-linux-x86_64-debian-clang | 0.8.10-1 | 13.94 | 338.89 | 352.83 | OK | |
r-devel-linux-x86_64-debian-gcc | 0.8.10-1 | 10.35 | 218.45 | 228.80 | OK | |
r-devel-linux-x86_64-fedora-clang | 0.8.10-1 | 605.59 | OK | |||
r-devel-linux-x86_64-fedora-gcc | 0.8.10-1 | 598.13 | OK | |||
r-devel-windows-x86_64 | 0.8.10-1 | 20.00 | 302.00 | 322.00 | OK | |
r-patched-linux-x86_64 | 0.8.10-1 | 13.10 | 329.35 | 342.45 | OK | |
r-release-linux-x86_64 | 0.8.10-1 | 12.62 | 327.04 | 339.66 | OK | |
r-release-macos-arm64 | 0.8.10-1 | 162.00 | OK | |||
r-release-macos-x86_64 | 0.8.10-1 | 334.00 | OK | |||
r-release-windows-x86_64 | 0.8.10-1 | 21.00 | 300.00 | 321.00 | OK | |
r-oldrel-macos-arm64 | 0.8.10-1 | 217.00 | NOTE | |||
r-oldrel-macos-x86_64 | 0.8.10-1 | 299.00 | NOTE | |||
r-oldrel-windows-x86_64 | 0.8.10-1 | 25.00 | 398.00 | 423.00 | NOTE |
Version: 0.8.10-1
Check: package dependencies
Result: NOTE
Package suggested but not available for checking: ‘gurobi’
Flavors: r-oldrel-macos-arm64, r-oldrel-macos-x86_64, r-oldrel-windows-x86_64