Last updated on 2025-05-03 03:51:51 CEST.
Flavor | Version | Tinstall | Tcheck | Ttotal | Status | Flags |
---|---|---|---|---|---|---|
r-devel-linux-x86_64-debian-clang | 2023.1.0 | 2.73 | 21.82 | 24.55 | NOTE | |
r-devel-linux-x86_64-debian-gcc | 2023.1.0 | 1.93 | 16.36 | 18.29 | NOTE | |
r-devel-linux-x86_64-fedora-clang | 2023.1.0 | 37.82 | OK | |||
r-devel-linux-x86_64-fedora-gcc | 2023.1.0 | 35.54 | OK | |||
r-devel-windows-x86_64 | 2023.1.0 | 4.00 | 41.00 | 45.00 | OK | |
r-patched-linux-x86_64 | 2023.1.0 | 2.21 | 20.49 | 22.70 | OK | |
r-release-linux-x86_64 | OK | |||||
r-release-macos-arm64 | 2023.1.0 | 18.00 | OK | |||
r-release-macos-x86_64 | 2023.1.0 | 31.00 | OK | |||
r-release-windows-x86_64 | 2023.1.0 | 6.00 | 44.00 | 50.00 | OK | |
r-oldrel-macos-arm64 | 2023.1.0 | 21.00 | OK | |||
r-oldrel-macos-x86_64 | 2023.1.0 | 25.00 | OK | |||
r-oldrel-windows-x86_64 | 2023.1.0 | 4.00 | 41.00 | 45.00 | OK |
Version: 2023.1.0
Check: CRAN incoming feasibility
Result: NOTE
Maintainer: ‘Ravi Varadhan <ravi.varadhan@jhu.edu>’
No Authors@R field in DESCRIPTION.
Please add one, modifying
Authors@R: person(given = "Ravi",
family = "Varadhan",
role = c("aut", "cre"),
email = "ravi.varadhan@jhu.edu",
comment = "with contributions from Gabor Grothendieck")
as necessary.
Flavors: r-devel-linux-x86_64-debian-clang, r-devel-linux-x86_64-debian-gcc