Last updated on 2025-11-22 03:50:42 CET.
| Flavor | Version | Tinstall | Tcheck | Ttotal | Status | Flags |
|---|---|---|---|---|---|---|
| r-devel-linux-x86_64-debian-clang | 0.1.5 | 12.41 | 108.57 | 120.98 | NOTE | |
| r-devel-linux-x86_64-debian-gcc | 0.1.5 | 8.69 | 79.99 | 88.68 | NOTE | |
| r-devel-linux-x86_64-fedora-clang | 0.1.5 | 30.00 | 162.62 | 192.62 | OK | |
| r-devel-windows-x86_64 | 0.1.5 | 15.00 | 112.00 | 127.00 | OK | |
| r-patched-linux-x86_64 | 0.1.5 | 11.91 | 102.29 | 114.20 | OK | |
| r-release-linux-x86_64 | 0.1.5 | 12.37 | 102.24 | 114.61 | OK | |
| r-release-macos-arm64 | 0.1.5 | OK | ||||
| r-release-macos-x86_64 | 0.1.5 | 10.00 | 88.00 | 98.00 | OK | |
| r-release-windows-x86_64 | 0.1.5 | 13.00 | 112.00 | 125.00 | OK | |
| r-oldrel-macos-arm64 | 0.1.5 | OK | ||||
| r-oldrel-macos-x86_64 | 0.1.5 | 10.00 | 87.00 | 97.00 | OK | |
| r-oldrel-windows-x86_64 | 0.1.5 | 19.00 | 145.00 | 164.00 | OK |
Version: 0.1.5
Check: CRAN incoming feasibility
Result: NOTE
Maintainer: ‘Rodney Edmondson <rodney.edmondson@gmail.com>’
Found the following URLs which should use \doi (with the DOI name only):
File ‘agriTutorial.Rd’:
http://dx.doi.org/10.1111/jac.12267
File ‘example1.Rd’:
http://dx.doi.org/10.1111/jac.12267
File ‘example2.Rd’:
http://dx.doi.org/10.1111/jac.12267
File ‘example3.Rd’:
http://dx.doi.org/10.1111/jac.12267
File ‘example4.Rd’:
http://dx.doi.org/10.1111/jac.12267
File ‘example5.Rd’:
http://dx.doi.org/10.1111/jac.12267
Flavors: r-devel-linux-x86_64-debian-clang, r-devel-linux-x86_64-debian-gcc