Last updated on 2025-11-04 03:50:43 CET.
| Flavor | Version | Tinstall | Tcheck | Ttotal | Status | Flags | 
|---|---|---|---|---|---|---|
| r-devel-linux-x86_64-debian-clang | 0.6.6 | 40.46 | 138.25 | 178.71 | OK | |
| r-devel-linux-x86_64-debian-gcc | 0.6.6 | 29.39 | 105.72 | 135.11 | OK | |
| r-devel-linux-x86_64-fedora-clang | 0.6.6 | 109.00 | 222.23 | 331.23 | OK | |
| r-devel-linux-x86_64-fedora-gcc | 0.6.6 | 88.00 | 225.94 | 313.94 | OK | |
| r-devel-windows-x86_64 | 0.6.6 | 70.00 | 483.00 | 553.00 | OK | |
| r-patched-linux-x86_64 | 0.6.6 | 37.89 | 128.01 | 165.90 | OK | |
| r-release-linux-x86_64 | 0.6.6 | 36.17 | 126.74 | 162.91 | OK | |
| r-release-macos-arm64 | 0.6.6 | 18.00 | 63.00 | 81.00 | OK | |
| r-release-macos-x86_64 | 0.6.6 | 34.00 | 104.00 | 138.00 | OK | |
| r-release-windows-x86_64 | 0.6.6 | 69.00 | 367.00 | 436.00 | OK | |
| r-oldrel-macos-arm64 | 0.6.6 | 17.00 | 58.00 | 75.00 | NOTE | |
| r-oldrel-macos-x86_64 | 0.6.6 | 21.00 | 78.00 | 99.00 | NOTE | |
| r-oldrel-windows-x86_64 | 0.6.6 | 67.00 | 325.00 | 392.00 | OK | 
Version: 0.6.6
Check: installed package size
Result: NOTE
    installed size is  5.7Mb
    sub-directories of 1Mb or more:
      extdata   3.4Mb
      libs      2.1Mb
Flavors: r-oldrel-macos-arm64, r-oldrel-macos-x86_64