Last updated on 2025-05-03 03:51:51 CEST.
Flavor | Version | Tinstall | Tcheck | Ttotal | Status | Flags |
---|---|---|---|---|---|---|
r-devel-linux-x86_64-debian-clang | 2023.8.2.1 | 3.28 | 20.54 | 23.82 | OK | |
r-devel-linux-x86_64-debian-gcc | 2023.8.2.1 | 2.66 | 17.18 | 19.84 | OK | |
r-devel-linux-x86_64-fedora-clang | 2023.8.2.1 | 33.64 | OK | |||
r-devel-linux-x86_64-fedora-gcc | 2023.8.2.1 | 32.68 | OK | |||
r-devel-windows-x86_64 | 2023.8.2.1 | 9.00 | 57.00 | 66.00 | OK | |
r-patched-linux-x86_64 | 2023.8.2.1 | 3.04 | 19.22 | 22.26 | OK | |
r-release-linux-x86_64 | OK | |||||
r-release-macos-arm64 | 2023.8.2.1 | 21.00 | OK | |||
r-release-macos-x86_64 | 2023.8.2.1 | 38.00 | OK | |||
r-release-windows-x86_64 | 2023.8.2.1 | 11.00 | 48.00 | 59.00 | OK | |
r-oldrel-macos-arm64 | 2023.8.2.1 | 25.00 | NOTE | |||
r-oldrel-macos-x86_64 | 2023.8.2.1 | 51.00 | NOTE | |||
r-oldrel-windows-x86_64 | 2023.8.2.1 | 11.00 | 48.00 | 59.00 | NOTE |
Version: 2023.8.2.1
Check: installed package size
Result: NOTE
installed size is 13.4Mb
sub-directories of 1Mb or more:
include 13.4Mb
Flavors: r-oldrel-macos-arm64, r-oldrel-macos-x86_64, r-oldrel-windows-x86_64