Last updated on 2025-11-22 03:51:11 CET.
| Flavor | Version | Tinstall | Tcheck | Ttotal | Status | Flags |
|---|---|---|---|---|---|---|
| r-devel-linux-x86_64-debian-clang | 1.0.1 | 227.89 | 187.73 | 415.62 | NOTE | |
| r-devel-linux-x86_64-debian-gcc | 1.0.1 | 212.43 | 146.90 | 359.33 | NOTE | |
| r-devel-linux-x86_64-fedora-clang | 1.0.1 | 451.00 | 208.68 | 659.68 | NOTE | |
| r-devel-windows-x86_64 | 1.0.1 | 271.00 | 205.00 | 476.00 | OK | |
| r-patched-linux-x86_64 | 1.0.1 | 279.74 | 202.39 | 482.13 | OK | |
| r-release-linux-x86_64 | 1.0.1 | 277.46 | 204.06 | 481.52 | OK | |
| r-release-macos-arm64 | 1.0.1 | OK | ||||
| r-release-macos-x86_64 | 1.0.1 | 135.00 | 168.00 | 303.00 | OK | |
| r-release-windows-x86_64 | 1.0.1 | 258.00 | 203.00 | 461.00 | OK | |
| r-oldrel-macos-arm64 | 1.0.1 | NOTE | ||||
| r-oldrel-macos-x86_64 | 1.0.1 | 125.00 | 99.00 | 224.00 | NOTE | |
| r-oldrel-windows-x86_64 | 1.0.1 | 303.00 | 268.00 | 571.00 | NOTE |
Version: 1.0.1
Check: CRAN incoming feasibility
Result: NOTE
Maintainer: ‘Fabio Demarqui <fndemarqui@est.ufmg.br>’
The Description field contains
Mayrink (2019) <arXiv:1910.02406>. Model fitting carried out via
Please refer to arXiv e-prints via their arXiv DOI <doi:10.48550/arXiv.YYMM.NNNNN>.
Flavors: r-devel-linux-x86_64-debian-clang, r-devel-linux-x86_64-debian-gcc
Version: 1.0.1
Check: dependencies in R code
Result: NOTE
Namespace in Imports field not imported from: ‘rstantools’
All declared Imports should be used.
Flavor: r-devel-linux-x86_64-fedora-clang
Version: 1.0.1
Check: installed package size
Result: NOTE
installed size is 53.8Mb
sub-directories of 1Mb or more:
libs 53.4Mb
Flavors: r-oldrel-macos-arm64, r-oldrel-macos-x86_64
Version: 1.0.1
Check: for GNU extensions in Makefiles
Result: NOTE
GNU make is a SystemRequirements.
Flavors: r-oldrel-macos-arm64, r-oldrel-macos-x86_64, r-oldrel-windows-x86_64