Last updated on 2025-05-18 03:50:34 CEST.
Flavor | Version | Tinstall | Tcheck | Ttotal | Status | Flags |
---|---|---|---|---|---|---|
r-devel-linux-x86_64-debian-clang | 2.4.3 | 12.10 | 120.06 | 132.16 | NOTE | |
r-devel-linux-x86_64-debian-gcc | 2.4.3 | 9.41 | 95.46 | 104.87 | NOTE | |
r-devel-linux-x86_64-fedora-clang | 2.4.3 | 204.62 | OK | |||
r-devel-linux-x86_64-fedora-gcc | 2.4.3 | 215.83 | OK | |||
r-devel-windows-x86_64 | 2.4.3 | 14.00 | 140.00 | 154.00 | NOTE | |
r-patched-linux-x86_64 | 2.4.3 | 12.15 | 122.75 | 134.90 | NOTE | |
r-release-linux-x86_64 | 2.4.3 | 12.49 | 122.44 | 134.93 | NOTE | |
r-release-macos-arm64 | 2.4.3 | 92.00 | OK | |||
r-release-macos-x86_64 | 2.4.3 | 183.00 | OK | |||
r-release-windows-x86_64 | 2.4.3 | 14.00 | 151.00 | 165.00 | NOTE | |
r-oldrel-macos-arm64 | 2.4.3 | 87.00 | OK | |||
r-oldrel-macos-x86_64 | 2.4.3 | 140.00 | OK | |||
r-oldrel-windows-x86_64 | 2.4.3 | 17.00 | 171.00 | 188.00 | OK |
Version: 2.4.3
Check: Rd cross-references
Result: NOTE
Found the following Rd file(s) with Rd \link{} targets missing package
anchors:
download_img_data.Rd: img_data
smooth_hist.Rd: gam
whitestripe_ind_to_mask.Rd: writeNIfTI
Please provide package anchors for all Rd \link{} targets not in the
package itself and the base packages.
Flavors: r-devel-linux-x86_64-debian-clang, r-devel-linux-x86_64-debian-gcc, r-devel-windows-x86_64, r-patched-linux-x86_64, r-release-linux-x86_64, r-release-windows-x86_64