CRAN Package Check Results for Package WH

Last updated on 2025-05-01 03:50:07 CEST.

Flavor Version Tinstall Tcheck Ttotal Status Flags
r-devel-linux-x86_64-debian-clang 1.1.2 3.25 60.57 63.82 NOTE
r-devel-linux-x86_64-debian-gcc 1.1.2 2.58 47.24 49.82 OK
r-devel-linux-x86_64-fedora-clang 1.1.2 96.61 OK
r-devel-linux-x86_64-fedora-gcc 1.1.2 115.57 OK
r-devel-windows-x86_64 1.1.2 4.00 87.00 91.00 OK
r-patched-linux-x86_64 1.1.2 3.60 61.18 64.78 OK
r-release-linux-x86_64 1.1.2 3.14 62.11 65.25 OK
r-release-macos-arm64 1.1.2 45.00 OK
r-release-macos-x86_64 1.1.2 81.00 OK
r-release-windows-x86_64 1.1.2 4.00 92.00 96.00 OK
r-oldrel-macos-arm64 1.1.2 60.00 OK
r-oldrel-macos-x86_64 1.1.2 150.00 OK
r-oldrel-windows-x86_64 1.1.2 4.00 98.00 102.00 OK

Check Details

Version: 1.1.2
Check: examples
Result: NOTE Examples with CPU (user + system) or elapsed time > 5s user system elapsed WH_2d 4.388 0.158 5.775 Flavor: r-devel-linux-x86_64-debian-clang