CRAN Package Check Results for Package VoxR

Last updated on 2025-11-16 03:50:17 CET.

Flavor Version Tinstall Tcheck Ttotal Status Flags
r-devel-linux-x86_64-debian-clang 1.0.0 3.25 84.32 87.57 OK
r-devel-linux-x86_64-debian-gcc 1.0.0 2.03 66.91 68.94 OK
r-devel-linux-x86_64-fedora-clang 1.0.0 116.01 OK
r-devel-linux-x86_64-fedora-gcc 1.0.0 108.53 OK
r-devel-windows-x86_64 1.0.0 11.00 81.00 92.00 OK
r-patched-linux-x86_64 1.0.0 3.70 68.05 71.75 OK
r-release-linux-x86_64 1.0.0 2.87 67.93 70.80 OK
r-release-macos-arm64 1.0.0 2.00 46.00 48.00 OK
r-release-macos-x86_64 1.0.0 3.00 54.00 57.00 OK
r-release-windows-x86_64 1.0.0 7.00 80.00 87.00 OK
r-oldrel-macos-arm64 1.0.0 2.00 26.00 28.00 NOTE
r-oldrel-macos-x86_64 1.0.0 2.00 44.00 46.00 NOTE
r-oldrel-windows-x86_64 1.0.0 9.00 103.00 112.00 NOTE

Check Details

Version: 1.0.0
Check: LazyData
Result: NOTE 'LazyData' is specified without a 'data' directory Flavors: r-oldrel-macos-arm64, r-oldrel-macos-x86_64, r-oldrel-windows-x86_64