Last updated on 2025-05-05 03:50:38 CEST.
Flavor | Version | Tinstall | Tcheck | Ttotal | Status | Flags |
---|---|---|---|---|---|---|
r-devel-linux-x86_64-debian-clang | 1.0 | 2.01 | 19.21 | 21.22 | NOTE | |
r-devel-linux-x86_64-debian-gcc | 1.0 | 1.74 | 14.95 | 16.69 | NOTE | |
r-devel-linux-x86_64-fedora-clang | 1.0 | 34.92 | OK | |||
r-devel-linux-x86_64-fedora-gcc | 1.0 | 32.37 | OK | |||
r-devel-windows-x86_64 | 1.0 | 3.00 | 38.00 | 41.00 | OK | |
r-patched-linux-x86_64 | 1.0 | 1.98 | 18.28 | 20.26 | OK | |
r-release-linux-x86_64 | 1.0 | 1.81 | 18.42 | 20.23 | OK | |
r-release-macos-arm64 | 1.0 | 16.00 | OK | |||
r-release-macos-x86_64 | 1.0 | 28.00 | OK | |||
r-release-windows-x86_64 | 1.0 | 3.00 | 39.00 | 42.00 | OK | |
r-oldrel-macos-arm64 | 1.0 | 13.00 | OK | |||
r-oldrel-macos-x86_64 | 1.0 | 25.00 | OK | |||
r-oldrel-windows-x86_64 | 1.0 | 3.00 | 36.00 | 39.00 | OK |
Version: 1.0
Check: CRAN incoming feasibility
Result: NOTE
Maintainer: ‘Lu Tian <lutian@stanford.edu>’
No Authors@R field in DESCRIPTION.
Please add one, modifying
Authors@R: c(person(given = "Ramon",
family = "Durazo-Arvizu",
role = "aut"),
person(given = "Chris",
family = "Sempos",
role = "aut"),
person(given = "Lu",
family = "Tian",
role = c("aut", "cre"),
email = "lutian@stanford.edu"))
as necessary.
Flavors: r-devel-linux-x86_64-debian-clang, r-devel-linux-x86_64-debian-gcc