CRAN Package Check Results for Package VDPO

Last updated on 2025-05-02 03:51:25 CEST.

Flavor Version Tinstall Tcheck Ttotal Status Flags
r-devel-linux-x86_64-debian-clang 0.1.0 2.37 70.89 73.26 NOTE
r-devel-linux-x86_64-debian-gcc 0.1.0 2.38 50.25 52.63 OK
r-devel-linux-x86_64-fedora-clang 0.1.0 111.34 OK
r-devel-linux-x86_64-fedora-gcc 0.1.0 127.30 OK
r-devel-windows-x86_64 0.1.0 4.00 90.00 94.00 OK
r-patched-linux-x86_64 0.1.0 3.15 70.15 73.30 OK
r-release-linux-x86_64 OK
r-release-macos-arm64 0.1.0 55.00 OK
r-release-macos-x86_64 0.1.0 93.00 OK
r-release-windows-x86_64 0.1.0 4.00 93.00 97.00 OK
r-oldrel-macos-arm64 0.1.0 52.00 OK
r-oldrel-macos-x86_64 0.1.0 103.00 OK
r-oldrel-windows-x86_64 0.1.0 5.00 111.00 116.00 OK

Check Details

Version: 0.1.0
Check: examples
Result: NOTE Examples with CPU (user + system) or elapsed time > 5s user system elapsed vd_fit 4.557 0.114 5.954 ffvd 4.589 0.070 5.978 Flavor: r-devel-linux-x86_64-debian-clang