Last updated on 2025-05-19 03:50:14 CEST.
Flavor | Version | Tinstall | Tcheck | Ttotal | Status | Flags |
---|---|---|---|---|---|---|
r-devel-linux-x86_64-debian-clang | 2.4.9 | 10.96 | 57.98 | 68.94 | NOTE | |
r-devel-linux-x86_64-debian-gcc | 2.4.9 | 8.66 | 41.23 | 49.89 | NOTE | |
r-devel-linux-x86_64-fedora-clang | 2.4.9 | 110.30 | OK | |||
r-devel-linux-x86_64-fedora-gcc | 2.4.9 | 106.95 | OK | |||
r-devel-windows-x86_64 | 2.4.9 | 19.00 | 95.00 | 114.00 | OK | |
r-patched-linux-x86_64 | 2.4.9 | 9.12 | 52.77 | 61.89 | OK | |
r-release-linux-x86_64 | 2.4.9 | 9.78 | 53.74 | 63.52 | OK | |
r-release-macos-arm64 | 2.4.9 | 37.00 | OK | |||
r-release-macos-x86_64 | 2.4.9 | 64.00 | OK | |||
r-release-windows-x86_64 | 2.4.9 | 19.00 | 97.00 | 116.00 | OK | |
r-oldrel-macos-arm64 | 2.4.9 | 49.00 | OK | |||
r-oldrel-macos-x86_64 | 2.4.9 | 69.00 | OK | |||
r-oldrel-windows-x86_64 | 2.4.9 | 20.00 | 95.00 | 115.00 | OK |
Version: 2.4.9
Check: CRAN incoming feasibility
Result: NOTE
Maintainer: ‘Michael Salter-Townshend <mike.saltertownshend@gmail.com>’
No Authors@R field in DESCRIPTION.
Please add one, modifying
Authors@R: person(given = "Michael",
family = "Salter-Townshend",
role = c("aut", "cre"),
email = "mike.saltertownshend@gmail.com")
as necessary.
Flavors: r-devel-linux-x86_64-debian-clang, r-devel-linux-x86_64-debian-gcc