Last updated on 2025-10-31 02:50:47 CET.
| Flavor | Version | Tinstall | Tcheck | Ttotal | Status | Flags | 
|---|---|---|---|---|---|---|
| r-devel-linux-x86_64-debian-clang | 0.1.0 | 57.49 | 57.14 | 114.63 | NOTE | |
| r-devel-linux-x86_64-debian-gcc | 0.1.0 | 44.07 | 43.23 | 87.30 | NOTE | |
| r-devel-linux-x86_64-fedora-clang | 0.1.0 | 121.00 | 66.00 | 187.00 | OK | |
| r-devel-linux-x86_64-fedora-gcc | 0.1.0 | 138.00 | 63.03 | 201.03 | OK | |
| r-devel-windows-x86_64 | 0.1.0 | 62.00 | 84.00 | 146.00 | OK | |
| r-patched-linux-x86_64 | 0.1.0 | 61.16 | 53.46 | 114.62 | OK | |
| r-release-linux-x86_64 | 0.1.0 | 65.50 | 54.37 | 119.87 | OK | |
| r-release-macos-arm64 | 0.1.0 | 25.00 | 30.00 | 55.00 | OK | |
| r-release-macos-x86_64 | 0.1.0 | 59.00 | 54.00 | 113.00 | OK | |
| r-release-windows-x86_64 | 0.1.0 | 64.00 | 84.00 | 148.00 | OK | |
| r-oldrel-macos-arm64 | 0.1.0 | 24.00 | 26.00 | 50.00 | NOTE | |
| r-oldrel-macos-x86_64 | 0.1.0 | 41.00 | 42.00 | 83.00 | NOTE | |
| r-oldrel-windows-x86_64 | 0.1.0 | 75.00 | 110.00 | 185.00 | OK | 
Version: 0.1.0
Check: CRAN incoming feasibility
Result: NOTE
  Maintainer: ‘Jiehuan Sun <jiehuan.sun@gmail.com>’
  
  No Authors@R field in DESCRIPTION.
  Please add one, modifying
    Authors@R: person(given = "Jiehuan",
                      family = "Sun",
                      role = c("aut", "cre"),
                      email = "jiehuan.sun@gmail.com")
  as necessary.
Flavors: r-devel-linux-x86_64-debian-clang, r-devel-linux-x86_64-debian-gcc
Version: 0.1.0
Check: installed package size
Result: NOTE
    installed size is  7.8Mb
    sub-directories of 1Mb or more:
      libs   7.5Mb
Flavors: r-oldrel-macos-arm64, r-oldrel-macos-x86_64