Last updated on 2025-11-24 03:50:53 CET.
| Flavor | Version | Tinstall | Tcheck | Ttotal | Status | Flags |
|---|---|---|---|---|---|---|
| r-devel-linux-x86_64-debian-clang | 1.1 | 4.53 | 38.93 | 43.46 | NOTE | |
| r-devel-linux-x86_64-debian-gcc | 1.1 | 3.58 | 28.07 | 31.65 | NOTE | |
| r-devel-linux-x86_64-fedora-clang | 1.1 | 69.59 | OK | |||
| r-devel-windows-x86_64 | 1.1 | 7.00 | 51.00 | 58.00 | OK | |
| r-patched-linux-x86_64 | 1.1 | 4.37 | 36.65 | 41.02 | OK | |
| r-release-linux-x86_64 | 1.1 | 4.27 | 37.27 | 41.54 | OK | |
| r-release-macos-arm64 | 1.1 | OK | ||||
| r-release-macos-x86_64 | 1.1 | 4.00 | 33.00 | 37.00 | OK | |
| r-release-windows-x86_64 | 1.1 | 5.00 | 52.00 | 57.00 | OK | |
| r-oldrel-macos-arm64 | 1.1 | OK | ||||
| r-oldrel-macos-x86_64 | 1.1 | 3.00 | 27.00 | 30.00 | OK | |
| r-oldrel-windows-x86_64 | 1.1 | 4.00 | 53.00 | 57.00 | OK |
Version: 1.1
Check: CRAN incoming feasibility
Result: NOTE
Maintainer: ‘Jae H. Kim <jaekim8080@gmail.com>’
No Authors@R field in DESCRIPTION.
Please add one, modifying
Authors@R: c(person(given = c("Jae.", "H."),
family = "Kim",
role = "aut"),
person(given = c("Jae", "H."),
family = "Kim",
role = "cre",
email = "jaekim8080@gmail.com"))
as necessary.
Flavors: r-devel-linux-x86_64-debian-clang, r-devel-linux-x86_64-debian-gcc