CRAN Package Check Results for Package USgrid

Last updated on 2025-06-28 03:48:40 CEST.

Flavor Version Tinstall Tcheck Ttotal Status Flags
r-devel-linux-x86_64-debian-clang 0.1.2 2.99 28.53 31.52 OK
r-devel-linux-x86_64-debian-gcc 0.1.2 2.06 22.51 24.57 OK
r-devel-linux-x86_64-fedora-clang 0.1.2 46.26 NOTE
r-devel-linux-x86_64-fedora-gcc 0.1.2 43.43 NOTE
r-devel-windows-x86_64 0.1.2 5.00 51.00 56.00 OK
r-patched-linux-x86_64 OK
r-release-linux-x86_64 0.1.2 2.93 25.42 28.35 OK
r-release-macos-arm64 0.1.2 20.00 OK
r-release-macos-x86_64 0.1.2 39.00 OK
r-release-windows-x86_64 0.1.2 5.00 52.00 57.00 OK
r-oldrel-macos-arm64 0.1.2 21.00 OK
r-oldrel-macos-x86_64 0.1.2 29.00 OK
r-oldrel-windows-x86_64 0.1.2 6.00 57.00 63.00 OK

Check Details

Version: 0.1.2
Check: dependencies in R code
Result: NOTE Namespace in Imports field not imported from: ‘tsibble’ All declared Imports should be used. Flavors: r-devel-linux-x86_64-fedora-clang, r-devel-linux-x86_64-fedora-gcc