Last updated on 2025-10-30 02:49:15 CET.
| Flavor | Version | Tinstall | Tcheck | Ttotal | Status | Flags | 
|---|---|---|---|---|---|---|
| r-devel-linux-x86_64-debian-clang | 1.3 | 5.04 | 112.78 | 117.82 | NOTE | |
| r-devel-linux-x86_64-debian-gcc | 1.3 | 4.18 | 80.28 | 84.46 | NOTE | |
| r-devel-linux-x86_64-fedora-clang | 1.3 | 14.00 | 164.66 | 178.66 | OK | |
| r-devel-linux-x86_64-fedora-gcc | 1.3 | 13.00 | 180.51 | 193.51 | OK | |
| r-devel-windows-x86_64 | 1.3 | 6.00 | 146.00 | 152.00 | OK | |
| r-patched-linux-x86_64 | 1.3 | 5.63 | 108.83 | 114.46 | OK | |
| r-release-linux-x86_64 | 1.3 | 5.39 | 110.99 | 116.38 | OK | |
| r-release-macos-arm64 | 1.3 | 3.00 | 61.00 | 64.00 | OK | |
| r-release-macos-x86_64 | 1.3 | 5.00 | 120.00 | 125.00 | OK | |
| r-release-windows-x86_64 | 1.3 | 7.00 | 150.00 | 157.00 | OK | |
| r-oldrel-macos-arm64 | 1.3 | 2.00 | 54.00 | 56.00 | OK | |
| r-oldrel-macos-x86_64 | 1.3 | 6.00 | 98.00 | 104.00 | OK | |
| r-oldrel-windows-x86_64 | 1.3 | 9.00 | 181.00 | 190.00 | OK | 
Version: 1.3
Check: CRAN incoming feasibility
Result: NOTE
  Maintainer: ‘Brian Battaile <brian.battaile@gmail.com>’
  
  No Authors@R field in DESCRIPTION.
  Please add one, modifying
    Authors@R: person(given = "Brian",
                      family = "Battaile",
                      role = c("aut", "cre"),
                      email = "brian.battaile@gmail.com")
  as necessary.
Flavors: r-devel-linux-x86_64-debian-clang, r-devel-linux-x86_64-debian-gcc