CRAN Package Check Results for Package TotalCopheneticIndex

Last updated on 2025-07-19 03:48:49 CEST.

Flavor Version Tinstall Tcheck Ttotal Status Flags
r-devel-linux-x86_64-debian-clang 2.0.1 4.80 43.35 48.15 NOTE
r-devel-linux-x86_64-debian-gcc 2.0.1 3.64 33.77 37.41 NOTE
r-devel-linux-x86_64-fedora-clang 2.0.1 73.62 OK
r-devel-linux-x86_64-fedora-gcc 2.0.1 69.39 OK
r-devel-windows-x86_64 2.0.1 6.00 60.00 66.00 OK
r-patched-linux-x86_64 2.0.1 3.83 43.07 46.90 OK
r-release-linux-x86_64 2.0.1 4.53 41.74 46.27 OK
r-release-macos-arm64 2.0.1 31.00 OK
r-release-macos-x86_64 2.0.1 46.00 OK
r-release-windows-x86_64 2.0.1 6.00 59.00 65.00 OK
r-oldrel-macos-arm64 2.0.1 27.00 OK
r-oldrel-macos-x86_64 2.0.1 36.00 OK
r-oldrel-windows-x86_64 2.0.1 8.00 73.00 81.00 OK

Check Details

Version: 2.0.1
Check: CRAN incoming feasibility
Result: NOTE Maintainer: ‘Martin R. Smith <martin.smith@durham.ac.uk>’ Package CITATION file contains call(s) to old-style personList() or as.personList(). Please use c() on person objects instead. Package CITATION file contains call(s) to old-style citEntry(). Please use bibentry() instead. Flavors: r-devel-linux-x86_64-debian-clang, r-devel-linux-x86_64-debian-gcc