Last updated on 2025-05-04 03:51:09 CEST.
Flavor | Version | Tinstall | Tcheck | Ttotal | Status | Flags |
---|---|---|---|---|---|---|
r-devel-linux-x86_64-debian-clang | 1.0.2 | 7.91 | 94.49 | 102.40 | NOTE | |
r-devel-linux-x86_64-debian-gcc | 1.0.2 | 6.02 | 79.47 | 85.49 | NOTE | |
r-devel-linux-x86_64-fedora-clang | 1.0.2 | 155.87 | OK | |||
r-devel-linux-x86_64-fedora-gcc | 1.0.2 | 164.03 | OK | |||
r-devel-windows-x86_64 | 1.0.2 | 9.00 | 111.00 | 120.00 | NOTE | |
r-patched-linux-x86_64 | 1.0.2 | 8.43 | 91.25 | 99.68 | NOTE | |
r-release-linux-x86_64 | NOTE | |||||
r-release-macos-arm64 | 1.0.2 | 73.00 | OK | |||
r-release-macos-x86_64 | 1.0.2 | 119.00 | OK | |||
r-release-windows-x86_64 | 1.0.2 | 9.00 | 109.00 | 118.00 | NOTE | |
r-oldrel-macos-arm64 | 1.0.2 | 58.00 | OK | |||
r-oldrel-macos-x86_64 | 1.0.2 | 80.00 | OK | |||
r-oldrel-windows-x86_64 | 1.0.2 | 11.00 | 138.00 | 149.00 | OK |
Version: 1.0.2
Check: CRAN incoming feasibility
Result: NOTE
Maintainer: ‘Xiang Lyu <xianglyu@berkeley.edu>’
No Authors@R field in DESCRIPTION.
Please add one, modifying
Authors@R: c(person(given = "Xiang",
family = "Lyu",
role = c("aut", "cre"),
email = "xianglyu@berkeley.edu"),
person(given = c("Will", "Wei"),
family = "Sun",
role = "aut"),
person(given = "Zhaoran",
family = "Wang",
role = "aut"),
person(given = "Han",
family = "Liu",
role = "aut"),
person(given = "Jian",
family = "Yang",
role = "aut"),
person(given = "Guang",
family = "Cheng",
role = "aut"))
as necessary.
Flavors: r-devel-linux-x86_64-debian-clang, r-devel-linux-x86_64-debian-gcc
Version: 1.0.2
Check: Rd cross-references
Result: NOTE
Found the following Rd file(s) with Rd \link{} targets missing package
anchors:
Tlasso.fit.Rd: huge
Please provide package anchors for all Rd \link{} targets not in the
package itself and the base packages.
Flavors: r-devel-linux-x86_64-debian-clang, r-devel-linux-x86_64-debian-gcc, r-devel-windows-x86_64, r-patched-linux-x86_64, r-release-linux-x86_64, r-release-windows-x86_64