Last updated on 2025-05-22 03:50:54 CEST.
Flavor | Version | Tinstall | Tcheck | Ttotal | Status | Flags |
---|---|---|---|---|---|---|
r-devel-linux-x86_64-debian-clang | 1.1-0 | 12.50 | 80.23 | 92.73 | NOTE | |
r-devel-linux-x86_64-debian-gcc | 1.1-0 | 8.10 | 57.78 | 65.88 | NOTE | |
r-devel-linux-x86_64-fedora-clang | 1.1-0 | 140.15 | OK | |||
r-devel-linux-x86_64-fedora-gcc | 1.1-0 | 134.05 | OK | |||
r-devel-windows-x86_64 | 1.1-0 | 12.00 | 100.00 | 112.00 | OK | |
r-patched-linux-x86_64 | 1.1-0 | 11.64 | 73.90 | 85.54 | OK | |
r-release-linux-x86_64 | 1.1-0 | 10.61 | 73.95 | 84.56 | OK | |
r-release-macos-arm64 | 1.1-0 | 39.00 | OK | |||
r-release-macos-x86_64 | 1.1-0 | 69.00 | OK | |||
r-release-windows-x86_64 | 1.1-0 | 12.00 | 110.00 | 122.00 | OK | |
r-oldrel-macos-arm64 | 1.1-0 | 35.00 | OK | |||
r-oldrel-macos-x86_64 | 1.1-0 | 52.00 | OK | |||
r-oldrel-windows-x86_64 | 1.1-0 | 16.00 | 109.00 | 125.00 | OK |
Version: 1.1-0
Check: CRAN incoming feasibility
Result: NOTE
Maintainer: ‘Camilo Khatchikian <ckhatchikian@gmail.com>’
No Authors@R field in DESCRIPTION.
Please add one, modifying
Authors@R: c(person(given = "Adrien",
family = "Rieux",
role = "aut"),
person(given = "Camilo",
family = "Khatchikian",
role = c("aut", "cre"),
email = "ckhatchikian@gmail.com"))
as necessary.
Flavors: r-devel-linux-x86_64-debian-clang, r-devel-linux-x86_64-debian-gcc