Last updated on 2025-05-17 03:49:21 CEST.
Flavor | Version | Tinstall | Tcheck | Ttotal | Status | Flags |
---|---|---|---|---|---|---|
r-devel-linux-x86_64-debian-clang | 0.1.1 | 2.25 | 36.27 | 38.52 | OK | |
r-devel-linux-x86_64-debian-gcc | 0.1.1 | 1.64 | 28.88 | 30.52 | OK | |
r-devel-linux-x86_64-fedora-clang | 0.1.1 | 63.50 | NOTE | |||
r-devel-linux-x86_64-fedora-gcc | 0.1.1 | 77.98 | NOTE | |||
r-devel-windows-x86_64 | 0.1.1 | 5.00 | 55.00 | 60.00 | OK | |
r-patched-linux-x86_64 | 0.1.1 | 2.60 | 33.19 | 35.79 | OK | |
r-release-linux-x86_64 | 0.1.1 | 2.31 | 33.91 | 36.22 | OK | |
r-release-macos-arm64 | 0.1.1 | 31.00 | OK | |||
r-release-macos-x86_64 | 0.1.1 | 49.00 | OK | |||
r-release-windows-x86_64 | 0.1.1 | 6.00 | 57.00 | 63.00 | OK | |
r-oldrel-macos-arm64 | 0.1.1 | 29.00 | OK | |||
r-oldrel-macos-x86_64 | 0.1.1 | 67.00 | OK | |||
r-oldrel-windows-x86_64 | 0.1.1 | 7.00 | 65.00 | 72.00 | OK |
Version: 0.1.1
Check: dependencies in R code
Result: NOTE
Namespaces in Imports field not imported from:
‘Ckmeans.1d.dp’ ‘autostats’ ‘badger’ ‘framecleaner’ ‘presenter’
‘tidybins’ ‘validata’
All declared Imports should be used.
Flavors: r-devel-linux-x86_64-fedora-clang, r-devel-linux-x86_64-fedora-gcc