CRAN Package Check Results for Package TTCA

Last updated on 2025-11-15 03:50:33 CET.

Flavor Version Tinstall Tcheck Ttotal Status Flags
r-devel-linux-x86_64-debian-clang 0.1.1 11.46 81.70 93.16 NOTE
r-devel-linux-x86_64-debian-gcc 0.1.1 9.23 71.11 80.34 NOTE
r-devel-linux-x86_64-fedora-clang 0.1.1 26.00 122.67 148.67 OK
r-devel-linux-x86_64-fedora-gcc 0.1.1 25.00 117.21 142.21 OK
r-devel-windows-x86_64 0.1.1 15.00 229.00 244.00 OK
r-patched-linux-x86_64 0.1.1 10.61 74.21 84.82 OK
r-release-linux-x86_64 0.1.1 10.85 75.26 86.11 OK
r-release-macos-arm64 0.1.1 13.00 85.00 98.00 OK
r-release-macos-x86_64 0.1.1 30.00 173.00 203.00 OK
r-release-windows-x86_64 0.1.1 12.00 81.00 93.00 OK
r-oldrel-macos-arm64 0.1.1 7.00 41.00 48.00 OK
r-oldrel-macos-x86_64 0.1.1 10.00 61.00 71.00 OK
r-oldrel-windows-x86_64 0.1.1 15.00 99.00 114.00 OK

Check Details

Version: 0.1.1
Check: CRAN incoming feasibility
Result: NOTE Maintainer: ‘Marco Albrecht <marco.albrecht@posteo.de>’ No Authors@R field in DESCRIPTION. Please add one, modifying Authors@R: person(given = "Marco", family = "Albrecht", role = c("aut", "cre"), email = "marco.albrecht@posteo.de") as necessary. Flavors: r-devel-linux-x86_64-debian-clang, r-devel-linux-x86_64-debian-gcc