Last updated on 2025-05-01 03:50:06 CEST.
Flavor | Version | Tinstall | Tcheck | Ttotal | Status | Flags |
---|---|---|---|---|---|---|
r-devel-linux-x86_64-debian-clang | 0.0-6 | 20.56 | 183.12 | 203.68 | NOTE | |
r-devel-linux-x86_64-debian-gcc | 0.0-6 | 15.84 | 114.17 | 130.01 | NOTE | |
r-devel-linux-x86_64-fedora-clang | 0.0-6 | 327.88 | OK | |||
r-devel-linux-x86_64-fedora-gcc | 0.0-6 | 312.41 | OK | |||
r-devel-windows-x86_64 | 0.0-6 | 21.00 | 152.00 | 173.00 | OK | |
r-patched-linux-x86_64 | 0.0-6 | 19.92 | 176.86 | 196.78 | OK | |
r-release-linux-x86_64 | 0.0-6 | 20.78 | 175.26 | 196.04 | OK | |
r-release-macos-arm64 | 0.0-6 | 72.00 | OK | |||
r-release-macos-x86_64 | 0.0-6 | 160.00 | OK | |||
r-release-windows-x86_64 | 0.0-6 | 22.00 | 150.00 | 172.00 | OK | |
r-oldrel-macos-arm64 | 0.0-6 | 71.00 | OK | |||
r-oldrel-macos-x86_64 | 0.0-6 | 115.00 | OK | |||
r-oldrel-windows-x86_64 | 0.0-6 | 29.00 | 202.00 | 231.00 | OK |
Version: 0.0-6
Check: CRAN incoming feasibility
Result: NOTE
Maintainer: ‘Ali Santacruz <amsantac@unal.edu.co>’
No Authors@R field in DESCRIPTION.
Please add one, modifying
Authors@R: c(person(given = c("Robert", "G."),
family = "Pontius",
role = "aut",
email = "rpontius@clarku.edu"),
person(given = "Ali",
family = "Santacruz",
role = c("aut", "cre"),
email = "amsantac@unal.edu.co"),
person(given = "Amin",
family = "Tayyebi",
role = "aut"),
person(given = "Benoit",
family = "Parmentier",
role = "aut"),
person(given = "Kangping",
family = "Si",
role = "aut"))
as necessary.
Flavors: r-devel-linux-x86_64-debian-clang, r-devel-linux-x86_64-debian-gcc