Last updated on 2025-05-01 03:50:05 CEST.
Flavor | Version | Tinstall | Tcheck | Ttotal | Status | Flags |
---|---|---|---|---|---|---|
r-devel-linux-x86_64-debian-clang | 1.1.1 | 5.13 | 108.44 | 113.57 | NOTE | |
r-devel-linux-x86_64-debian-gcc | 1.1.1 | 4.18 | 143.16 | 147.34 | OK | |
r-devel-linux-x86_64-fedora-clang | 1.1.1 | 135.18 | OK | |||
r-devel-linux-x86_64-fedora-gcc | 1.1.1 | 177.46 | OK | |||
r-devel-windows-x86_64 | 1.1.1 | 7.00 | 461.00 | 468.00 | OK | |
r-patched-linux-x86_64 | 1.1.1 | 6.10 | 105.29 | 111.39 | OK | |
r-release-linux-x86_64 | 1.1.1 | 5.25 | 105.24 | 110.49 | OK | |
r-release-macos-arm64 | 1.1.1 | 49.00 | OK | |||
r-release-macos-x86_64 | 1.1.1 | 75.00 | OK | |||
r-release-windows-x86_64 | 1.1.1 | 8.00 | 199.00 | 207.00 | OK | |
r-oldrel-macos-arm64 | 1.1.1 | 53.00 | OK | |||
r-oldrel-macos-x86_64 | 1.1.1 | 76.00 | OK | |||
r-oldrel-windows-x86_64 | 1.1.1 | 10.00 | 168.00 | 178.00 | OK |
Version: 1.1.1
Check: examples
Result: NOTE
Examples with CPU (user + system) or elapsed time > 5s
user system elapsed
run_model 1.754 0.408 9.732
Flavor: r-devel-linux-x86_64-debian-clang
Version: 1.1.1
Check: examples
Result: NA
user system elapsed
run_model 2.414 1.803 22.595
extract_opportunities 2.003 0.393 9.048
run_law_model 1.329 0.566 8.320
gof 1.419 0.441 9.510
run_law 1.271 0.500 8.686
OK
Flavor: r-devel-linux-x86_64-debian-gcc