Last updated on 2025-11-23 03:49:00 CET.
| Flavor | Version | Tinstall | Tcheck | Ttotal | Status | Flags |
|---|---|---|---|---|---|---|
| r-devel-linux-x86_64-debian-clang | 1.9.4 | 102.92 | 90.58 | 193.50 | OK | |
| r-devel-linux-x86_64-debian-gcc | 1.9.4 | 83.58 | 67.75 | 151.33 | OK | |
| r-devel-linux-x86_64-fedora-clang | 1.9.4 | 177.00 | 114.41 | 291.41 | NOTE | |
| r-devel-windows-x86_64 | 1.9.4 | 150.00 | 170.00 | 320.00 | OK | |
| r-patched-linux-x86_64 | 1.9.4 | 125.49 | 87.48 | 212.97 | OK | |
| r-release-linux-x86_64 | 1.9.4 | 122.34 | 87.22 | 209.56 | OK | |
| r-release-macos-arm64 | 1.9.4 | OK | ||||
| r-release-macos-x86_64 | 1.9.4 | 97.00 | 103.00 | 200.00 | OK | |
| r-release-windows-x86_64 | 1.9.4 | 130.00 | 184.00 | 314.00 | OK | |
| r-oldrel-macos-arm64 | 1.9.4 | NOTE | ||||
| r-oldrel-macos-x86_64 | 1.9.4 | 142.00 | 106.00 | 248.00 | NOTE | |
| r-oldrel-windows-x86_64 | 1.9.4 | 155.00 | 203.00 | 358.00 | NOTE |
Version: 1.9.4
Check: dependencies in R code
Result: NOTE
Namespace in Imports field not imported from: ‘scales’
All declared Imports should be used.
Flavor: r-devel-linux-x86_64-fedora-clang
Version: 1.9.4
Check: installed package size
Result: NOTE
installed size is 37.2Mb
sub-directories of 1Mb or more:
doc 1.3Mb
libs 35.5Mb
Flavors: r-oldrel-macos-arm64, r-oldrel-macos-x86_64
Version: 1.9.4
Check: for GNU extensions in Makefiles
Result: NOTE
GNU make is a SystemRequirements.
Flavors: r-oldrel-macos-arm64, r-oldrel-macos-x86_64, r-oldrel-windows-x86_64