Last updated on 2025-05-03 03:52:13 CEST.
Flavor | Version | Tinstall | Tcheck | Ttotal | Status | Flags |
---|---|---|---|---|---|---|
r-devel-linux-x86_64-debian-clang | 4.2-21 | 144.24 | 170.22 | 314.46 | NOTE | |
r-devel-linux-x86_64-debian-gcc | 4.2-21 | 97.42 | 114.14 | 211.56 | NOTE | |
r-devel-linux-x86_64-fedora-clang | 4.2-21 | 581.20 | OK | |||
r-devel-linux-x86_64-fedora-gcc | 4.2-21 | 531.88 | OK | |||
r-devel-windows-x86_64 | 4.2-21 | 166.00 | 194.00 | 360.00 | NOTE | |
r-patched-linux-x86_64 | 4.2-21 | 141.15 | 167.14 | 308.29 | NOTE | |
r-release-linux-x86_64 | NOTE | |||||
r-release-macos-arm64 | 4.2-21 | 118.00 | OK | |||
r-release-macos-x86_64 | 4.2-21 | 187.00 | OK | |||
r-release-windows-x86_64 | 4.2-21 | 171.00 | 290.00 | 461.00 | NOTE | |
r-oldrel-macos-arm64 | 4.2-21 | 113.00 | NOTE | |||
r-oldrel-macos-x86_64 | 4.2-21 | 171.00 | NOTE | |||
r-oldrel-windows-x86_64 | 4.2-21 | 187.00 | 249.00 | 436.00 | OK |
Version: 4.2-21
Check: CRAN incoming feasibility
Result: NOTE
Maintainer: ‘Alexander Robitzsch <robitzsch@ipn.uni-kiel.de>’
No Authors@R field in DESCRIPTION.
Please add one, modifying
Authors@R: c(person(given = "Alexander",
family = "Robitzsch",
role = c("aut", "cre"),
email = "robitzsch@ipn.uni-kiel.de",
comment = c(ORCID = "0000-0002-8226-3132")),
person(given = "Thomas",
family = "Kiefer",
role = "aut"),
person(given = "Margaret",
family = "Wu",
role = "aut"))
as necessary.
Flavors: r-devel-linux-x86_64-debian-clang, r-devel-linux-x86_64-debian-gcc
Version: 4.2-21
Check: Rd cross-references
Result: NOTE
Found the following Rd file(s) with Rd \link{} targets missing package
anchors:
IRT.threshold.Rd: IRT.irfprob
Please provide package anchors for all Rd \link{} targets not in the
package itself and the base packages.
Flavors: r-devel-linux-x86_64-debian-clang, r-devel-linux-x86_64-debian-gcc, r-devel-windows-x86_64, r-patched-linux-x86_64, r-release-linux-x86_64, r-release-windows-x86_64
Version: 4.2-21
Check: installed package size
Result: NOTE
installed size is 7.4Mb
sub-directories of 1Mb or more:
R 2.0Mb
libs 4.5Mb
Flavors: r-oldrel-macos-arm64, r-oldrel-macos-x86_64