Last updated on 2025-10-31 02:50:45 CET.
| Flavor | Version | Tinstall | Tcheck | Ttotal | Status | Flags | 
|---|---|---|---|---|---|---|
| r-devel-linux-x86_64-debian-clang | 1.1 | 6.27 | 58.73 | 65.00 | NOTE | |
| r-devel-linux-x86_64-debian-gcc | 1.1 | 4.97 | 45.02 | 49.99 | NOTE | |
| r-devel-linux-x86_64-fedora-clang | 1.1 | 13.00 | 84.18 | 97.18 | OK | |
| r-devel-linux-x86_64-fedora-gcc | 1.1 | 14.00 | 80.38 | 94.38 | OK | |
| r-devel-windows-x86_64 | 1.1 | 8.00 | 68.00 | 76.00 | OK | |
| r-patched-linux-x86_64 | 1.1 | 7.57 | 55.49 | 63.06 | OK | |
| r-release-linux-x86_64 | 1.1 | 7.58 | 56.09 | 63.67 | OK | |
| r-release-macos-arm64 | 1.1 | 3.00 | 25.00 | 28.00 | OK | |
| r-release-macos-x86_64 | 1.1 | 6.00 | 48.00 | 54.00 | OK | |
| r-release-windows-x86_64 | 1.1 | 8.00 | 73.00 | 81.00 | OK | |
| r-oldrel-macos-arm64 | 1.1 | 3.00 | 26.00 | 29.00 | OK | |
| r-oldrel-macos-x86_64 | 1.1 | 5.00 | 51.00 | 56.00 | OK | |
| r-oldrel-windows-x86_64 | 1.1 | 10.00 | 84.00 | 94.00 | OK | 
Version: 1.1
Check: CRAN incoming feasibility
Result: NOTE
  Maintainer: ‘Layla Parast <parast@austin.utexas.edu>’
  
  No Authors@R field in DESCRIPTION.
  Please add one, modifying
    Authors@R: person(given = "Layla",
                      family = "Parast",
                      role = c("aut", "cre"),
                      email = "parast@austin.utexas.edu")
  as necessary.
Flavors: r-devel-linux-x86_64-debian-clang, r-devel-linux-x86_64-debian-gcc