Last updated on 2025-05-24 03:50:46 CEST.
Flavor | Version | Tinstall | Tcheck | Ttotal | Status | Flags |
---|---|---|---|---|---|---|
r-devel-linux-x86_64-debian-clang | 1.1 | 6.73 | 56.26 | 62.99 | NOTE | |
r-devel-linux-x86_64-debian-gcc | 1.1 | 5.23 | 41.43 | 46.66 | NOTE | |
r-devel-linux-x86_64-fedora-clang | 1.1 | 97.40 | OK | |||
r-devel-linux-x86_64-fedora-gcc | 1.1 | 93.70 | OK | |||
r-devel-windows-x86_64 | 1.1 | 9.00 | 110.00 | 119.00 | OK | |
r-patched-linux-x86_64 | 1.1 | 6.38 | 53.57 | 59.95 | OK | |
r-release-linux-x86_64 | 1.1 | 6.87 | 52.75 | 59.62 | OK | |
r-release-macos-arm64 | 1.1 | 28.00 | OK | |||
r-release-macos-x86_64 | 1.1 | 54.00 | OK | |||
r-release-windows-x86_64 | 1.1 | 9.00 | 78.00 | 87.00 | OK | |
r-oldrel-macos-arm64 | 1.1 | 29.00 | OK | |||
r-oldrel-macos-x86_64 | 1.1 | 56.00 | OK | |||
r-oldrel-windows-x86_64 | 1.1 | 10.00 | 83.00 | 93.00 | OK |
Version: 1.1
Check: CRAN incoming feasibility
Result: NOTE
Maintainer: ‘Layla Parast <parast@austin.utexas.edu>’
No Authors@R field in DESCRIPTION.
Please add one, modifying
Authors@R: person(given = "Layla",
family = "Parast",
role = c("aut", "cre"),
email = "parast@austin.utexas.edu")
as necessary.
Flavors: r-devel-linux-x86_64-debian-clang, r-devel-linux-x86_64-debian-gcc