Last updated on 2025-04-28 03:50:14 CEST.
Flavor | Version | Tinstall | Tcheck | Ttotal | Status | Flags |
---|---|---|---|---|---|---|
r-devel-linux-x86_64-debian-clang | 1.0.1 | 8.09 | 42.05 | 50.14 | NOTE | |
r-devel-linux-x86_64-debian-gcc | 1.0.1 | 5.55 | 31.89 | 37.44 | NOTE | |
r-devel-linux-x86_64-fedora-clang | 1.0.1 | 78.91 | NOTE | |||
r-devel-linux-x86_64-fedora-gcc | 1.0.1 | 95.91 | NOTE | |||
r-devel-windows-x86_64 | 1.0.1 | 9.00 | 64.00 | 73.00 | OK | |
r-patched-linux-x86_64 | 1.0.1 | 7.40 | 40.44 | 47.84 | NOTE | |
r-release-linux-x86_64 | 1.0.1 | 7.24 | 40.19 | 47.43 | NOTE | |
r-release-macos-arm64 | 1.0.1 | 48.00 | OK | |||
r-release-macos-x86_64 | 1.0.1 | 100.00 | OK | |||
r-release-windows-x86_64 | 1.0.1 | 9.00 | 65.00 | 74.00 | OK | |
r-oldrel-macos-arm64 | 1.0.1 | 34.00 | OK | |||
r-oldrel-macos-x86_64 | 1.0.1 | 54.00 | OK | |||
r-oldrel-windows-x86_64 | 1.0.1 | 12.00 | 73.00 | 85.00 | OK |
Version: 1.0.1
Check: for non-standard things in the check directory
Result: NOTE
Found the following files/directories:
‘myNewStrat.R’
Flavors: r-devel-linux-x86_64-debian-clang, r-devel-linux-x86_64-debian-gcc, r-devel-linux-x86_64-fedora-clang, r-devel-linux-x86_64-fedora-gcc, r-patched-linux-x86_64, r-release-linux-x86_64
Version: 1.0.1
Check: CRAN incoming feasibility
Result: NOTE
Maintainer: ‘Julian Busch <jb@quants.ch>’
No Authors@R field in DESCRIPTION.
Please add one, modifying
Authors@R: person(given = "Julian",
family = "Busch",
role = c("aut", "cre"),
email = "jb@quants.ch")
as necessary.
Flavor: r-devel-linux-x86_64-debian-gcc