Last updated on 2025-07-20 03:49:45 CEST.
Flavor | Version | Tinstall | Tcheck | Ttotal | Status | Flags |
---|---|---|---|---|---|---|
r-devel-linux-x86_64-debian-clang | 1.0.0 | 13.09 | 118.64 | 131.73 | NOTE | |
r-devel-linux-x86_64-debian-gcc | 1.0.0 | 10.30 | 88.36 | 98.66 | NOTE | |
r-devel-linux-x86_64-fedora-clang | 1.0.0 | 198.95 | NOTE | |||
r-devel-linux-x86_64-fedora-gcc | 1.0.0 | 202.73 | NOTE | |||
r-devel-windows-x86_64 | 1.0.0 | 14.00 | 124.00 | 138.00 | NOTE | |
r-patched-linux-x86_64 | 1.0.0 | 11.68 | 113.50 | 125.18 | NOTE | |
r-release-linux-x86_64 | 1.0.0 | 11.65 | 113.38 | 125.03 | NOTE | |
r-release-macos-arm64 | 1.0.0 | 64.00 | NOTE | |||
r-release-macos-x86_64 | 1.0.0 | 129.00 | NOTE | |||
r-release-windows-x86_64 | 1.0.0 | 13.00 | 123.00 | 136.00 | NOTE | |
r-oldrel-macos-arm64 | 1.0.0 | 63.00 | OK | |||
r-oldrel-macos-x86_64 | 1.0.0 | 98.00 | OK | |||
r-oldrel-windows-x86_64 | 1.0.0 | 18.00 | 157.00 | 175.00 | OK |
Version: 1.0.0
Check: DESCRIPTION meta-information
Result: NOTE
Missing dependency on R >= 4.1.0 because package code uses the pipe
|> or function shorthand \(...) syntax added in R 4.1.0.
File(s) using such syntax:
‘Functions.R’
Flavors: r-devel-linux-x86_64-debian-clang, r-devel-linux-x86_64-debian-gcc, r-devel-linux-x86_64-fedora-clang, r-devel-linux-x86_64-fedora-gcc, r-devel-windows-x86_64, r-patched-linux-x86_64, r-release-linux-x86_64, r-release-macos-arm64, r-release-macos-x86_64, r-release-windows-x86_64