Last updated on 2025-07-21 03:50:39 CEST.
Flavor | Version | Tinstall | Tcheck | Ttotal | Status | Flags |
---|---|---|---|---|---|---|
r-devel-linux-x86_64-debian-clang | 2.32.10 | 28.51 | 431.72 | 460.23 | OK | |
r-devel-linux-x86_64-debian-gcc | 2.32.10 | 25.38 | 342.46 | 367.84 | OK | |
r-devel-linux-x86_64-fedora-clang | 2.32.10 | 759.49 | OK | |||
r-devel-linux-x86_64-fedora-gcc | 2.32.10 | 779.50 | OK | |||
r-devel-windows-x86_64 | 2.32.10 | 62.00 | 705.00 | 767.00 | OK | |
r-patched-linux-x86_64 | 2.32.10 | 30.53 | 467.27 | 497.80 | OK | |
r-release-linux-x86_64 | 2.32.10 | 29.57 | 463.04 | 492.61 | OK | |
r-release-macos-arm64 | 2.32.10 | 194.00 | OK | |||
r-release-macos-x86_64 | 2.32.10 | 421.00 | OK | |||
r-release-windows-x86_64 | 2.32.10 | 61.00 | 614.00 | 675.00 | OK | |
r-oldrel-macos-arm64 | 2.32.10 | 98.00 | NOTE | |||
r-oldrel-macos-x86_64 | 2.32.10 | 192.00 | NOTE | |||
r-oldrel-windows-x86_64 | 2.32.10 | 76.00 | 762.00 | 838.00 | NOTE |
Version: 2.32.10
Check: installed package size
Result: NOTE
installed size is 17.0Mb
sub-directories of 1Mb or more:
include 11.7Mb
lib 3.3Mb
Flavors: r-oldrel-macos-arm64, r-oldrel-macos-x86_64, r-oldrel-windows-x86_64
Version: 2.32.10
Check: for GNU extensions in Makefiles
Result: NOTE
GNU make is a SystemRequirements.
Flavors: r-oldrel-macos-arm64, r-oldrel-macos-x86_64, r-oldrel-windows-x86_64