Last updated on 2025-05-22 03:50:52 CEST.
Flavor | Version | Tinstall | Tcheck | Ttotal | Status | Flags |
---|---|---|---|---|---|---|
r-devel-linux-x86_64-debian-clang | 1.1 | 22.52 | 23.16 | 45.68 | NOTE | |
r-devel-linux-x86_64-debian-gcc | 1.1 | 15.60 | 18.37 | 33.97 | NOTE | |
r-devel-linux-x86_64-fedora-clang | 1.1 | 81.83 | NOTE | |||
r-devel-linux-x86_64-fedora-gcc | 1.1 | 81.38 | NOTE | |||
r-devel-windows-x86_64 | 1.1 | 27.00 | 81.00 | 108.00 | NOTE | |
r-patched-linux-x86_64 | 1.1 | 22.97 | 22.39 | 45.36 | NOTE | |
r-release-linux-x86_64 | 1.1 | 22.43 | 22.15 | 44.58 | NOTE | |
r-release-macos-arm64 | 1.1 | 26.00 | NOTE | |||
r-release-macos-x86_64 | 1.1 | 44.00 | NOTE | |||
r-release-windows-x86_64 | 1.1 | 27.00 | 99.00 | 126.00 | NOTE | |
r-oldrel-macos-arm64 | 1.1 | 25.00 | NOTE | |||
r-oldrel-macos-x86_64 | 1.1 | 37.00 | NOTE | |||
r-oldrel-windows-x86_64 | 1.1 | 30.00 | 73.00 | 103.00 | NOTE |
Version: 1.1
Check: C++ specification
Result: NOTE
Specified C++11: please drop specification unless essential
Flavors: r-devel-linux-x86_64-debian-clang, r-devel-linux-x86_64-debian-gcc, r-devel-linux-x86_64-fedora-clang, r-devel-linux-x86_64-fedora-gcc, r-devel-windows-x86_64, r-patched-linux-x86_64, r-release-linux-x86_64, r-release-macos-arm64, r-release-macos-x86_64, r-release-windows-x86_64, r-oldrel-macos-arm64, r-oldrel-macos-x86_64, r-oldrel-windows-x86_64