Last updated on 2025-05-04 03:51:07 CEST.
Flavor | Version | Tinstall | Tcheck | Ttotal | Status | Flags |
---|---|---|---|---|---|---|
r-devel-linux-x86_64-debian-clang | 0.1.0 | 2.01 | 18.43 | 20.44 | NOTE | |
r-devel-linux-x86_64-debian-gcc | 0.1.0 | 1.58 | 15.17 | 16.75 | NOTE | |
r-devel-linux-x86_64-fedora-clang | 0.1.0 | 32.60 | OK | |||
r-devel-linux-x86_64-fedora-gcc | 0.1.0 | 30.49 | OK | |||
r-devel-windows-x86_64 | 0.1.0 | 2.00 | 37.00 | 39.00 | OK | |
r-patched-linux-x86_64 | 0.1.0 | 2.08 | 18.22 | 20.30 | OK | |
r-release-linux-x86_64 | OK | |||||
r-release-macos-arm64 | 0.1.0 | 16.00 | OK | |||
r-release-macos-x86_64 | 0.1.0 | 24.00 | OK | |||
r-release-windows-x86_64 | 0.1.0 | 3.00 | 37.00 | 40.00 | OK | |
r-oldrel-macos-arm64 | 0.1.0 | 15.00 | OK | |||
r-oldrel-macos-x86_64 | 0.1.0 | 20.00 | OK | |||
r-oldrel-windows-x86_64 | 0.1.0 | 4.00 | 37.00 | 41.00 | OK |
Version: 0.1.0
Check: CRAN incoming feasibility
Result: NOTE
Maintainer: ‘Vural Yildirim <vurall_yildirim@hotmail.com>’
Found the following URLs which should use \doi (with the DOI name only):
File ‘RoMLE.error.Rd’:
https://doi.org/10.1080/00949655.2020.1740223
https://doi.org/10.20290/estubtdb.518706
File ‘SpatialRoMLE.Rd’:
https://doi.org/10.1080/00949655.2020.1740223
Flavors: r-devel-linux-x86_64-debian-clang, r-devel-linux-x86_64-debian-gcc