Last updated on 2025-05-22 03:50:52 CEST.
Flavor | Version | Tinstall | Tcheck | Ttotal | Status | Flags |
---|---|---|---|---|---|---|
r-devel-linux-x86_64-debian-clang | 0.1.7 | 14.04 | 102.67 | 116.71 | NOTE | |
r-devel-linux-x86_64-debian-gcc | 0.1.7 | 10.68 | 71.38 | 82.06 | NOTE | |
r-devel-linux-x86_64-fedora-clang | 0.1.7 | 180.02 | OK | |||
r-devel-linux-x86_64-fedora-gcc | 0.1.7 | 170.26 | OK | |||
r-devel-windows-x86_64 | 0.1.7 | 15.00 | 106.00 | 121.00 | NOTE | |
r-patched-linux-x86_64 | 0.1.7 | 12.41 | 96.73 | 109.14 | NOTE | |
r-release-linux-x86_64 | 0.1.7 | 11.73 | 94.42 | 106.15 | NOTE | |
r-release-macos-arm64 | 0.1.7 | 45.00 | OK | |||
r-release-macos-x86_64 | 0.1.7 | 83.00 | OK | |||
r-release-windows-x86_64 | 0.1.7 | 14.00 | 109.00 | 123.00 | NOTE | |
r-oldrel-macos-arm64 | 0.1.7 | 43.00 | OK | |||
r-oldrel-macos-x86_64 | 0.1.7 | 68.00 | OK | |||
r-oldrel-windows-x86_64 | 0.1.7 | 18.00 | 131.00 | 149.00 | OK |
Version: 0.1.7
Check: Rd cross-references
Result: NOTE
Found the following Rd file(s) with Rd \link{} targets missing package
anchors:
grf.Rd: ranger
grf.bw.Rd: ranger
Please provide package anchors for all Rd \link{} targets not in the
package itself and the base packages.
Flavors: r-devel-linux-x86_64-debian-clang, r-devel-linux-x86_64-debian-gcc, r-devel-windows-x86_64, r-patched-linux-x86_64, r-release-linux-x86_64, r-release-windows-x86_64