Last updated on 2025-11-15 03:50:30 CET.
| Flavor | Version | Tinstall | Tcheck | Ttotal | Status | Flags |
|---|---|---|---|---|---|---|
| r-devel-linux-x86_64-debian-clang | 1.0.4 | 46.40 | 213.32 | 259.72 | OK | |
| r-devel-linux-x86_64-debian-gcc | 1.0.4 | 32.24 | 144.76 | 177.00 | OK | |
| r-devel-linux-x86_64-fedora-clang | 1.0.4 | 307.00 | 135.48 | 442.48 | OK | |
| r-devel-linux-x86_64-fedora-gcc | 1.0.4 | 110.00 | 280.85 | 390.85 | OK | |
| r-devel-windows-x86_64 | 1.0.4 | 52.00 | 207.00 | 259.00 | OK | |
| r-patched-linux-x86_64 | 1.0.4 | 47.10 | 200.97 | 248.07 | OK | |
| r-release-linux-x86_64 | 1.0.4 | 39.52 | 201.23 | 240.75 | OK | |
| r-release-macos-arm64 | 1.0.4 | 17.00 | 74.00 | 91.00 | OK | |
| r-release-macos-x86_64 | 1.0.4 | 33.00 | 146.00 | 179.00 | OK | |
| r-release-windows-x86_64 | 1.0.4 | 50.00 | 203.00 | 253.00 | OK | |
| r-oldrel-macos-arm64 | 1.0.4 | 20.00 | 81.00 | 101.00 | NOTE | |
| r-oldrel-macos-x86_64 | 46.00 | 160.00 | 206.00 | NOTE | ||
| r-oldrel-windows-x86_64 | 1.0.4 | 67.00 | 289.00 | 356.00 | NOTE |
Version: 1.0.4
Check: installed package size
Result: NOTE
installed size is 8.3Mb
sub-directories of 1Mb or more:
extdata 5.9Mb
libs 2.0Mb
Flavors: r-oldrel-macos-arm64, r-oldrel-macos-x86_64, r-oldrel-windows-x86_64